{"id":1790,"date":"2016-07-04T16:49:48","date_gmt":"2016-07-04T14:49:48","guid":{"rendered":"https:\/\/www.garteln-in-wien.at\/?page_id=1790"},"modified":"2022-05-11T13:42:55","modified_gmt":"2022-05-11T11:42:55","slug":"gebietsbetreuungen-stadterneuerung-kurz-gb","status":"publish","type":"page","link":"https:\/\/www.garteln-in-wien.at\/en\/gebietsbetreuungen-stadterneuerung-kurz-gb\/","title":{"rendered":"Gebietsbetreuungen Stadterneuerung (Urban Renewal Office)"},"content":{"rendered":"<p>Vienna has practiced \u201csoft urban renewal\u201d since the 1970s, carefully renovating and upgrading districts by involving city residents. This approach aims is to create affordable housing and increase the quality of life.<\/p>\n<p>The \u201c<a href=\"http:\/\/www.gbstern.at\/ueber-die-gb\/\" target=\"_blank\" rel=\"noopener\">Gebietsbetreuungen Stadterneuerung<\/a>\u201c (GB*) has maintained this method reliably for over 40 years. As a service center of Vienna, the GB offers a wide range of free services, including guidance, information, and project work at the district level.<\/p>\n<p>Currently, the <a href=\"http:\/\/www.gbstern.at\/ueber-die-gb\/standorte\/ueberblick\/\" target=\"_blank\" rel=\"noopener\">GB*<\/a> has five locations. They are an active hub in the region, and can answer questions about city residence, living environments, and living together in district communities. All contact details <a href=\"https:\/\/www.gbstern.at\/teams-kontakt\/\" target=\"_blank\" rel=\"noopener\">can be found here.<\/a><\/p>\n<h3>Green Communities<\/h3>\n<p>Urban green spaces make the city livable and fulfill important ecological functions. The GB helps implement your ideas in making the city greener. City residents can plant in <a href=\"http:\/\/www.gbstern.at\/service-und-beratung\/urbanes-garteln\/garteln-ums-eck\/\">Baumscheiben<\/a> (curb spaces) and other small free plots in their district, or they can become <a href=\"http:\/\/www.gbstern.at\/service-und-beratung\/urbanes-garteln\/nachbarschaftsgaerten\/\" target=\"_blank\" rel=\"noopener\">community gardeners<\/a>. In cooperation with the districts and Vienna Parks and Gardens (MA 42), the GB helps make public spaces more green.<\/p>\n<h3>Useful Links:<\/h3>\n<p><a href=\"http:\/\/www.gbstern.at\/garteln\">http:\/\/www.gbstern.at\/garteln<\/a> &#8211; All about the GB and urban gardening<br \/>\n<a href=\"http:\/\/besserleben.gbstern.at\">http:\/\/besserleben.gbstern.at<\/a> &#8211; Overview of all GB green space activities and projects<br \/>\n<a href=\"https:\/\/www.gbstern.at\/themen-projekte\/projektkarte\/\" target=\"_blank\" rel=\"noopener\">www.gbstern.at\/themen-projekte\/projektkarte\/ <\/a>&#8211;\u00a0 map with all gardening projects supported by th GB*<\/p>\n\n\t\t<style type=\"text\/css\">\n\t\t\t#gallery-1 {\n\t\t\t\tmargin: auto;\n\t\t\t}\n\t\t\t#gallery-1 .gallery-item {\n\t\t\t\tfloat: left;\n\t\t\t\tmargin-top: 10px;\n\t\t\t\ttext-align: center;\n\t\t\t\twidth: 33%;\n\t\t\t}\n\t\t\t#gallery-1 img {\n\t\t\t\tborder: 2px solid #cfcfcf;\n\t\t\t}\n\t\t\t#gallery-1 .gallery-caption {\n\t\t\t\tmargin-left: 0;\n\t\t\t}\n\t\t\t\/* see gallery_shortcode() in wp-includes\/media.php *\/\n\t\t<\/style>\n\t\t<div id='gallery-1' class='gallery galleryid-1790 gallery-columns-3 gallery-size-thumbnail'><dl class='gallery-item'>\n\t\t\t<dt class='gallery-icon landscape'>\n\t\t\t\t<a href='https:\/\/www.garteln-in-wien.at\/en\/nachbarschaftsgarten-loewenzahn-im-20-bezirk-2-b2c-media-2\/'><img loading=\"lazy\" decoding=\"async\" width=\"150\" height=\"150\" src=\"https:\/\/www.garteln-in-wien.at\/wp-content\/uploads\/2016\/07\/Nachbarschaftsgarten-L\u00f6wenzahn-im-20.-Bezirk-2-\u00a9-b2c-media-150x150.jpg\" class=\"attachment-thumbnail size-thumbnail\" alt=\"\" aria-describedby=\"gallery-1-1647\" \/><\/a>\n\t\t\t<\/dt>\n\t\t\t\t<dd class='wp-caption-text gallery-caption' id='gallery-1-1647'>\n\t\t\t\tCommunity Garden L\u00f6wenzahn in 20. district \u00a9 b2c media\n\t\t\t\t<\/dd><\/dl><dl class='gallery-item'>\n\t\t\t<dt class='gallery-icon landscape'>\n\t\t\t\t<a href='https:\/\/www.garteln-in-wien.at\/en\/temporaeres-gartenlabor-im-sonnwendviertel-2-b2c-media-2\/'><img loading=\"lazy\" decoding=\"async\" width=\"150\" height=\"150\" src=\"https:\/\/www.garteln-in-wien.at\/wp-content\/uploads\/2016\/07\/Tempor\u00e4res-Gartenlabor-im-Sonnwendviertel-2-\u00a9-b2c-media-150x150.jpg\" class=\"attachment-thumbnail size-thumbnail\" alt=\"\" aria-describedby=\"gallery-1-1651\" \/><\/a>\n\t\t\t<\/dt>\n\t\t\t\t<dd class='wp-caption-text gallery-caption' id='gallery-1-1651'>\n\t\t\t\tCommunity Garden in front of the GB* at the Max-Winter-Platz in 2nd distirct \u00a9 B2\/20\n\t\t\t\t<\/dd><\/dl><dl class='gallery-item'>\n\t\t\t<dt class='gallery-icon landscape'>\n\t\t\t\t<a href='https:\/\/www.garteln-in-wien.at\/en\/nachbarschaftsgarten-loewenzahn-im-20-bezirk-b2c-media-2\/'><img loading=\"lazy\" decoding=\"async\" width=\"150\" height=\"150\" src=\"https:\/\/www.garteln-in-wien.at\/wp-content\/uploads\/2016\/07\/Nachbarschaftsgarten-L\u00f6wenzahn-im-20.-Bezirk-\u00a9-b2c-media-150x150.jpg\" class=\"attachment-thumbnail size-thumbnail\" alt=\"\" aria-describedby=\"gallery-1-1646\" \/><\/a>\n\t\t\t<\/dt>\n\t\t\t\t<dd class='wp-caption-text gallery-caption' id='gallery-1-1646'>\n\t\t\t\tCommunity Garden L\u00f6wenzahn in 20. distirct \u00a9 b2c media\n\t\t\t\t<\/dd><\/dl><br style=\"clear: both\" \/><dl class='gallery-item'>\n\t\t\t<dt class='gallery-icon landscape'>\n\t\t\t\t<a href='https:\/\/www.garteln-in-wien.at\/en\/nachbarschaftsgarten-vor-dem-gb-graetzelzentrum-am-max-winter-platz-1020-wien-b220-2\/'><img loading=\"lazy\" decoding=\"async\" width=\"150\" height=\"150\" src=\"https:\/\/www.garteln-in-wien.at\/wp-content\/uploads\/2016\/07\/Nachbarschaftsgarten-vor-dem-GB-Gr\u00e4tzelzentrum-am-Max-Winter-Platz-1020-Wien-\u00a9-B220-150x150.jpg\" class=\"attachment-thumbnail size-thumbnail\" alt=\"\" aria-describedby=\"gallery-1-1645\" \/><\/a>\n\t\t\t<\/dt>\n\t\t\t\t<dd class='wp-caption-text gallery-caption' id='gallery-1-1645'>\n\t\t\t\tCommunity Garden in front of the GB* at Max-Winter-Platz, 2nd district \u00a9 B2\/20\n\t\t\t\t<\/dd><\/dl><dl class='gallery-item'>\n\t\t\t<dt class='gallery-icon landscape'>\n\t\t\t\t<a href='https:\/\/www.garteln-in-wien.at\/en\/temporaeres-gartenlabor-im-sonnwendviertel-b2c-media-2\/'><img loading=\"lazy\" decoding=\"async\" width=\"150\" height=\"150\" src=\"https:\/\/www.garteln-in-wien.at\/wp-content\/uploads\/2016\/07\/Tempor\u00e4res-Gartenlabor-im-Sonnwendviertel-\u00a9-b2c-media-150x150.jpg\" class=\"attachment-thumbnail size-thumbnail\" alt=\"\" aria-describedby=\"gallery-1-1652\" \/><\/a>\n\t\t\t<\/dt>\n\t\t\t\t<dd class='wp-caption-text gallery-caption' id='gallery-1-1652'>\n\t\t\t\ttemporary garden labor at the Sonnwendviertel \u00a9 b2c media\n\t\t\t\t<\/dd><\/dl><dl class='gallery-item'>\n\t\t\t<dt class='gallery-icon landscape'>\n\t\t\t\t<a href='https:\/\/www.garteln-in-wien.at\/en\/nina-chladek-danklmaier-von-der-gb220-beim-ausstecken-einer-freien-baumscheiben-die-eineeine-betreuerin-sucht-ma-25-2\/'><img loading=\"lazy\" decoding=\"async\" width=\"150\" height=\"150\" src=\"https:\/\/www.garteln-in-wien.at\/wp-content\/uploads\/2016\/07\/Nina-Chladek-Danklmaier-von-der-GB220-beim-Ausstecken-einer-freien-Baumscheiben-die-eineeine-BetreuerIn-sucht.-\u00a9-MA-25-150x150.jpg\" class=\"attachment-thumbnail size-thumbnail\" alt=\"\" aria-describedby=\"gallery-1-1650\" \/><\/a>\n\t\t\t<\/dt>\n\t\t\t\t<dd class='wp-caption-text gallery-caption' id='gallery-1-1650'>\n\t\t\t\tNina Chladek-Danklmaieof  GB2\/20 marking a possible space for &#8220;Gardening around the corner&#8221;  \u00a9 MA 25\n\t\t\t\t<\/dd><\/dl><br style=\"clear: both\" \/><dl class='gallery-item'>\n\t\t\t<dt class='gallery-icon landscape'>\n\t\t\t\t<a href='https:\/\/www.garteln-in-wien.at\/en\/garteln-ums-eck\/baumscheibe-ma-25-2\/'><img loading=\"lazy\" decoding=\"async\" width=\"150\" height=\"150\" src=\"https:\/\/www.garteln-in-wien.at\/wp-content\/uploads\/2016\/07\/Baumscheibe-\u00a9-MA-25-150x150.jpg\" class=\"attachment-thumbnail size-thumbnail\" alt=\"\" aria-describedby=\"gallery-1-1649\" \/><\/a>\n\t\t\t<\/dt>\n\t\t\t\t<dd class='wp-caption-text gallery-caption' id='gallery-1-1649'>\n\t\t\t\tGardening around the corner \u00a9 MA 25\n\t\t\t\t<\/dd><\/dl><dl class='gallery-item'>\n\t\t\t<dt class='gallery-icon portrait'>\n\t\t\t\t<a href='https:\/\/www.garteln-in-wien.at\/en\/beispiel-fuer-kreative-pflanzgefaessgestaltung-b2c-media-2\/'><img loading=\"lazy\" decoding=\"async\" width=\"150\" height=\"150\" src=\"https:\/\/www.garteln-in-wien.at\/wp-content\/uploads\/2016\/07\/Beispiel-f\u00fcr-kreative-Pflanzgef\u00e4\u00dfgestaltung-\u00a9-b2c-media-150x150.jpg\" class=\"attachment-thumbnail size-thumbnail\" alt=\"\" aria-describedby=\"gallery-1-1648\" \/><\/a>\n\t\t\t<\/dt>\n\t\t\t\t<dd class='wp-caption-text gallery-caption' id='gallery-1-1648'>\n\t\t\t\texample for creativity  in context af pant beds \u00a9 b2c media\n\t\t\t\t<\/dd><\/dl>\n\t\t\t<br style='clear: both' \/>\n\t\t<\/div>\n\n<p>&nbsp;<\/p>\n","protected":false},"excerpt":{"rendered":"<p>Vienna has practiced \u201csoft urban renewal\u201d since the 1970s, carefully renovating and upgrading districts by involving city residents. This approach<\/p>\n","protected":false},"author":3,"featured_media":1729,"parent":0,"menu_order":0,"comment_status":"closed","ping_status":"closed","template":"","meta":{"footnotes":""},"class_list":["post-1790","page","type-page","status-publish","has-post-thumbnail","hentry"],"_links":{"self":[{"href":"https:\/\/www.garteln-in-wien.at\/en\/wp-json\/wp\/v2\/pages\/1790","targetHints":{"allow":["GET"]}}],"collection":[{"href":"https:\/\/www.garteln-in-wien.at\/en\/wp-json\/wp\/v2\/pages"}],"about":[{"href":"https:\/\/www.garteln-in-wien.at\/en\/wp-json\/wp\/v2\/types\/page"}],"author":[{"embeddable":true,"href":"https:\/\/www.garteln-in-wien.at\/en\/wp-json\/wp\/v2\/users\/3"}],"replies":[{"embeddable":true,"href":"https:\/\/www.garteln-in-wien.at\/en\/wp-json\/wp\/v2\/comments?post=1790"}],"version-history":[{"count":8,"href":"https:\/\/www.garteln-in-wien.at\/en\/wp-json\/wp\/v2\/pages\/1790\/revisions"}],"predecessor-version":[{"id":3767,"href":"https:\/\/www.garteln-in-wien.at\/en\/wp-json\/wp\/v2\/pages\/1790\/revisions\/3767"}],"wp:featuredmedia":[{"embeddable":true,"href":"https:\/\/www.garteln-in-wien.at\/en\/wp-json\/wp\/v2\/media\/1729"}],"wp:attachment":[{"href":"https:\/\/www.garteln-in-wien.at\/en\/wp-json\/wp\/v2\/media?parent=1790"}],"curies":[{"name":"wp","href":"https:\/\/api.w.org\/{rel}","templated":true}]}}

<p>Vienna has practiced “soft urban renewal” since the 1970s, carefully renovating and upgrading districts by involving city residents. This approach aims is to create affordable housing and increase the quality of life.</p>
<p>The “<a href="http://www.gbstern.at/ueber-die-gb/" target="_blank" rel="noopener">Gebietsbetreuungen Stadterneuerung</a>“ (GB*) has maintained this method reliably for over 40 years. As a service center of Vienna, the GB offers a wide range of free services, including guidance, information, and project work at the district level.</p>
<p>Currently, the <a href="http://www.gbstern.at/ueber-die-gb/standorte/ueberblick/" target="_blank" rel="noopener">GB*</a> has five locations. They are an active hub in the region, and can answer questions about city residence, living environments, and living together in district communities. All contact details <a href="https://www.gbstern.at/teams-kontakt/" target="_blank" rel="noopener">can be found here.</a></p>
<h3>Green Communities</h3>
<p>Urban green spaces make the city livable and fulfill important ecological functions. The GB helps implement your ideas in making the city greener. City residents can plant in <a href="http://www.gbstern.at/service-und-beratung/urbanes-garteln/garteln-ums-eck/">Baumscheiben</a> (curb spaces) and other small free plots in their district, or they can become <a href="http://www.gbstern.at/service-und-beratung/urbanes-garteln/nachbarschaftsgaerten/" target="_blank" rel="noopener">community gardeners</a>. In cooperation with the districts and Vienna Parks and Gardens (MA 42), the GB helps make public spaces more green.</p>
<h3>Useful Links:</h3>
<p><a href="http://www.gbstern.at/garteln">http://www.gbstern.at/garteln</a> &#8211; All about the GB and urban gardening<br />
<a href="http://besserleben.gbstern.at">http://besserleben.gbstern.at</a> &#8211; Overview of all GB green space activities and projects<br />
<a href="https://www.gbstern.at/themen-projekte/projektkarte/" target="_blank" rel="noopener">www.gbstern.at/themen-projekte/projektkarte/ </a>&#8211;  map with all gardening projects supported by th GB*</p>

		<style type="text/css">
			#gallery-1 {
				margin: auto;
			}
			#gallery-1 .gallery-item {
				float: left;
				margin-top: 10px;
				text-align: center;
				width: 33%;
			}
			#gallery-1 img {
				border: 2px solid #cfcfcf;
			}
			#gallery-1 .gallery-caption {
				margin-left: 0;
			}
			/* see gallery_shortcode() in wp-includes/media.php */
		</style>
		<div id='gallery-1' class='gallery galleryid-1790 gallery-columns-3 gallery-size-thumbnail'><dl class='gallery-item'>
			<dt class='gallery-icon landscape'>
				<a href='https://www.garteln-in-wien.at/en/nachbarschaftsgarten-loewenzahn-im-20-bezirk-2-b2c-media-2/'><img loading="lazy" decoding="async" width="150" height="150" src="https://www.garteln-in-wien.at/wp-content/uploads/2016/07/Nachbarschaftsgarten-Löwenzahn-im-20.-Bezirk-2-©-b2c-media-150x150.jpg" class="attachment-thumbnail size-thumbnail" alt="" aria-describedby="gallery-1-1647" /></a>
			</dt>
				<dd class='wp-caption-text gallery-caption' id='gallery-1-1647'>
				Community Garden Löwenzahn in 20. district © b2c media
				</dd></dl><dl class='gallery-item'>
			<dt class='gallery-icon landscape'>
				<a href='https://www.garteln-in-wien.at/en/temporaeres-gartenlabor-im-sonnwendviertel-2-b2c-media-2/'><img loading="lazy" decoding="async" width="150" height="150" src="https://www.garteln-in-wien.at/wp-content/uploads/2016/07/Temporäres-Gartenlabor-im-Sonnwendviertel-2-©-b2c-media-150x150.jpg" class="attachment-thumbnail size-thumbnail" alt="" aria-describedby="gallery-1-1651" /></a>
			</dt>
				<dd class='wp-caption-text gallery-caption' id='gallery-1-1651'>
				Community Garden in front of the GB* at the Max-Winter-Platz in 2nd distirct © B2/20
				</dd></dl><dl class='gallery-item'>
			<dt class='gallery-icon landscape'>
				<a href='https://www.garteln-in-wien.at/en/nachbarschaftsgarten-loewenzahn-im-20-bezirk-b2c-media-2/'><img loading="lazy" decoding="async" width="150" height="150" src="https://www.garteln-in-wien.at/wp-content/uploads/2016/07/Nachbarschaftsgarten-Löwenzahn-im-20.-Bezirk-©-b2c-media-150x150.jpg" class="attachment-thumbnail size-thumbnail" alt="" aria-describedby="gallery-1-1646" /></a>
			</dt>
				<dd class='wp-caption-text gallery-caption' id='gallery-1-1646'>
				Community Garden Löwenzahn in 20. distirct © b2c media
				</dd></dl><br style="clear: both" /><dl class='gallery-item'>
			<dt class='gallery-icon landscape'>
				<a href='https://www.garteln-in-wien.at/en/nachbarschaftsgarten-vor-dem-gb-graetzelzentrum-am-max-winter-platz-1020-wien-b220-2/'><img loading="lazy" decoding="async" width="150" height="150" src="https://www.garteln-in-wien.at/wp-content/uploads/2016/07/Nachbarschaftsgarten-vor-dem-GB-Grätzelzentrum-am-Max-Winter-Platz-1020-Wien-©-B220-150x150.jpg" class="attachment-thumbnail size-thumbnail" alt="" aria-describedby="gallery-1-1645" /></a>
			</dt>
				<dd class='wp-caption-text gallery-caption' id='gallery-1-1645'>
				Community Garden in front of the GB* at Max-Winter-Platz, 2nd district © B2/20
				</dd></dl><dl class='gallery-item'>
			<dt class='gallery-icon landscape'>
				<a href='https://www.garteln-in-wien.at/en/temporaeres-gartenlabor-im-sonnwendviertel-b2c-media-2/'><img loading="lazy" decoding="async" width="150" height="150" src="https://www.garteln-in-wien.at/wp-content/uploads/2016/07/Temporäres-Gartenlabor-im-Sonnwendviertel-©-b2c-media-150x150.jpg" class="attachment-thumbnail size-thumbnail" alt="" aria-describedby="gallery-1-1652" /></a>
			</dt>
				<dd class='wp-caption-text gallery-caption' id='gallery-1-1652'>
				temporary garden labor at the Sonnwendviertel © b2c media
				</dd></dl><dl class='gallery-item'>
			<dt class='gallery-icon landscape'>
				<a href='https://www.garteln-in-wien.at/en/nina-chladek-danklmaier-von-der-gb220-beim-ausstecken-einer-freien-baumscheiben-die-eineeine-betreuerin-sucht-ma-25-2/'><img loading="lazy" decoding="async" width="150" height="150" src="https://www.garteln-in-wien.at/wp-content/uploads/2016/07/Nina-Chladek-Danklmaier-von-der-GB220-beim-Ausstecken-einer-freien-Baumscheiben-die-eineeine-BetreuerIn-sucht.-©-MA-25-150x150.jpg" class="attachment-thumbnail size-thumbnail" alt="" aria-describedby="gallery-1-1650" /></a>
			</dt>
				<dd class='wp-caption-text gallery-caption' id='gallery-1-1650'>
				Nina Chladek-Danklmaieof  GB2/20 marking a possible space for &#8220;Gardening around the corner&#8221;  © MA 25
				</dd></dl><br style="clear: both" /><dl class='gallery-item'>
			<dt class='gallery-icon landscape'>
				<a href='https://www.garteln-in-wien.at/en/garteln-ums-eck/baumscheibe-ma-25-2/'><img loading="lazy" decoding="async" width="150" height="150" src="https://www.garteln-in-wien.at/wp-content/uploads/2016/07/Baumscheibe-©-MA-25-150x150.jpg" class="attachment-thumbnail size-thumbnail" alt="" aria-describedby="gallery-1-1649" /></a>
			</dt>
				<dd class='wp-caption-text gallery-caption' id='gallery-1-1649'>
				Gardening around the corner © MA 25
				</dd></dl><dl class='gallery-item'>
			<dt class='gallery-icon portrait'>
				<a href='https://www.garteln-in-wien.at/en/beispiel-fuer-kreative-pflanzgefaessgestaltung-b2c-media-2/'><img loading="lazy" decoding="async" width="150" height="150" src="https://www.garteln-in-wien.at/wp-content/uploads/2016/07/Beispiel-für-kreative-Pflanzgefäßgestaltung-©-b2c-media-150x150.jpg" class="attachment-thumbnail size-thumbnail" alt="" aria-describedby="gallery-1-1648" /></a>
			</dt>
				<dd class='wp-caption-text gallery-caption' id='gallery-1-1648'>
				example for creativity  in context af pant beds © b2c media
				</dd></dl>
			<br style='clear: both' />
		</div>

<p>&nbsp;</p>
