{"id":1819,"date":"2018-02-14T10:44:42","date_gmt":"2018-02-14T09:44:42","guid":{"rendered":"https:\/\/www.garteln-in-wien.at\/gruenstattgrau\/"},"modified":"2024-05-02T11:15:45","modified_gmt":"2024-05-02T09:15:45","slug":"gruenstattgrau","status":"publish","type":"page","link":"https:\/\/www.garteln-in-wien.at\/en\/gruenstattgrau\/","title":{"rendered":"Gr\u00fcnStattGrau Research and Innovation GmbH &#8211;  The Center for Green Urban Development"},"content":{"rendered":"<h4>Gr\u00fcnStattGrau is: the holistic center for green development.<\/h4>\n<p>Making buildings green often sounds more complicated than it really is. As an authority center for green development, we are concerned with bringing people together to advance innovation and transformation. With the support of our network partners in business, science, and management, we would like to help you implement greenery in your interior, roof, or facade.<\/p>\n<h4>Gr\u00fcnStattGrau provides: know-how, tools, and infrastructure.<\/h4>\n<p>Gr\u00fcnStattGrau has the character of a laboratory, with expert advice, opportunities for collaboration in R&amp;D, and exclusive service offers, as well as easy access to partners and infrastructure like online platforms, mobile test tracks, and other experimental spaces.<\/p>\n<p id=\"tw-target-text\" class=\"tw-data-text tw-text-large tw-ta\" dir=\"ltr\" data-placeholder=\"\u00dcbersetzung\" aria-label=\"\u00dcbersetzter Text\" data-ved=\"2ahUKEwjdiavas-6FAxX76wIHHVnBD7YQ3ewLegQIBRAT\"><strong><span class=\"Y2IQFc\" lang=\"en\">Gr\u00fcnStattGrau has: a comprehensive network of partner companies and supporters.<\/span><\/strong><\/p>\n<p class=\"tw-data-text tw-text-large tw-ta\" dir=\"ltr\" data-placeholder=\"\u00dcbersetzung\" aria-label=\"\u00dcbersetzter Text\" data-ved=\"2ahUKEwjdiavas-6FAxX76wIHHVnBD7YQ3ewLegQIBRAT\"><span class=\"Y2IQFc\" lang=\"en\">We are an interface between network partners from the public sector, business and research and live best practice sharing. In this way, we provide impetus for the use of existing and new technologies, skills and services. This enables Gr\u00fcnStattGrau to act as Austria&#8217;s ambassador for greening projects.<\/span><\/p>\n<p class=\"tw-data-text tw-text-large tw-ta\" dir=\"ltr\" data-placeholder=\"\u00dcbersetzung\" aria-label=\"\u00dcbersetzter Text\" data-ved=\"2ahUKEwjdiavas-6FAxX76wIHHVnBD7YQ3ewLegQIBRAT\"><span class=\"Y2IQFc\" lang=\"en\">Link to the Gr\u00fcnStattGrau \u21d2 <a href=\"https:\/\/gruenstattgrau.at\/netzwerk\/datenbank\/\">database<\/a><\/span><\/p>\n<p><strong>Gr\u00fcnStattGrau wants: to bring people together to drive implementation by sharing expertise. <\/strong><\/p>\n<p>As a promoter of innovation, Gr\u00fcnStattGrau pushes holistic strategies for climate change adaptation through green urban development in Europe.<\/p>\n<h3>Gr\u00fcnStattGrau Research and Innovation-GmbH<\/h3>\n<ul>\n<li><strong>Address<\/strong>: Favoritenstra\u00dfe 50, 1040 Wien<\/li>\n<li><strong>Contact Information<\/strong>:\n<ul>\n<li><strong>Email: <\/strong><a href=\"&#x6d;&#x61;&#105;&#108;to&#x3a;&#x6f;&#x66;&#102;ic&#x65;&#x40;&#x67;&#114;&#117;e&#x6e;&#x73;&#x74;&#97;&#116;t&#x67;&#x72;&#x61;&#117;&#46;at\" target=\"_blank\" rel=\"noopener noreferrer\">of&#102;&#105;&#99;&#101;&#x40;&#x67;&#x72;&#x75;&#x65;ns&#116;&#97;&#116;&#116;&#x67;&#x72;&#x61;&#x75;&#x2e;at<\/a><\/li>\n<li><strong>Web: <\/strong><a href=\"https:\/\/gruenstattgrau.at\/en\/\" target=\"_blank\" rel=\"noopener noreferrer\">gruenstattgrau.at\/en\/<\/a><\/li>\n<li><strong>Tel:<\/strong> 0650 634 9 6 3 1<\/li>\n<\/ul>\n<\/li>\n<\/ul>\n<ul>\n<li style=\"list-style-type: none\"><\/li>\n<\/ul>\n<h3>Further Information:<\/h3>\n<ul>\n<li><a href=\"https:\/\/www.garteln-in-wien.at\/wp-content\/uploads\/2024\/04\/GSG-Booklet.pdf\" target=\"_blank\" rel=\"noopener noreferrer\">Gr\u00fcnStattGrau Booklet<\/a><\/li>\n<\/ul>\n\n\t\t<style type=\"text\/css\">\n\t\t\t#gallery-1 {\n\t\t\t\tmargin: auto;\n\t\t\t}\n\t\t\t#gallery-1 .gallery-item {\n\t\t\t\tfloat: left;\n\t\t\t\tmargin-top: 10px;\n\t\t\t\ttext-align: center;\n\t\t\t\twidth: 33%;\n\t\t\t}\n\t\t\t#gallery-1 img {\n\t\t\t\tborder: 2px solid #cfcfcf;\n\t\t\t}\n\t\t\t#gallery-1 .gallery-caption {\n\t\t\t\tmargin-left: 0;\n\t\t\t}\n\t\t\t\/* see gallery_shortcode() in wp-includes\/media.php *\/\n\t\t<\/style>\n\t\t<div id='gallery-1' class='gallery galleryid-1819 gallery-columns-3 gallery-size-thumbnail'><dl class='gallery-item'>\n\t\t\t<dt class='gallery-icon landscape'>\n\t\t\t\t<a href='https:\/\/www.garteln-in-wien.at\/en\/gruenstattgrau\/london_enzi_gedge-2\/'><img loading=\"lazy\" decoding=\"async\" width=\"150\" height=\"150\" src=\"https:\/\/www.garteln-in-wien.at\/wp-content\/uploads\/2018\/02\/London_Enzi_Gedge-150x150.jpg\" class=\"attachment-thumbnail size-thumbnail\" alt=\"\" aria-describedby=\"gallery-1-1755\" \/><\/a>\n\t\t\t<\/dt>\n\t\t\t\t<dd class='wp-caption-text gallery-caption' id='gallery-1-1755'>\n\t\t\t\troof garden in London \u00a9 Gr\u00fcnStattGrau\n\t\t\t\t<\/dd><\/dl><dl class='gallery-item'>\n\t\t\t<dt class='gallery-icon landscape'>\n\t\t\t\t<a href='https:\/\/www.garteln-in-wien.at\/en\/gruenstattgrau\/20170609_115545-2\/'><img loading=\"lazy\" decoding=\"async\" width=\"150\" height=\"150\" src=\"https:\/\/www.garteln-in-wien.at\/wp-content\/uploads\/2018\/02\/20170609_115545-150x150.jpg\" class=\"attachment-thumbnail size-thumbnail\" alt=\"\" aria-describedby=\"gallery-1-1754\" \/><\/a>\n\t\t\t<\/dt>\n\t\t\t\t<dd class='wp-caption-text gallery-caption' id='gallery-1-1754'>\n\t\t\t\tfruit trees, berry bushes, vegetable beds and beehives on a roof,   14th district of Vienna \u00a9 Gr\u00fcnStattGrau\n\t\t\t\t<\/dd><\/dl><dl class='gallery-item'>\n\t\t\t<dt class='gallery-icon landscape'>\n\t\t\t\t<a href='https:\/\/www.garteln-in-wien.at\/en\/gruenstattgrau\/img_3618-2\/'><img loading=\"lazy\" decoding=\"async\" width=\"150\" height=\"150\" src=\"https:\/\/www.garteln-in-wien.at\/wp-content\/uploads\/2018\/02\/IMG_3618-150x150.jpg\" class=\"attachment-thumbnail size-thumbnail\" alt=\"\" aria-describedby=\"gallery-1-1753\" \/><\/a>\n\t\t\t<\/dt>\n\t\t\t\t<dd class='wp-caption-text gallery-caption' id='gallery-1-1753'>\n\t\t\t\tUrban Gardening at the roof, 22nd district of Vienna  \u00a9 Gr\u00fcnStattGrau\n\t\t\t\t<\/dd><\/dl><br style=\"clear: both\" \/><dl class='gallery-item'>\n\t\t\t<dt class='gallery-icon portrait'>\n\t\t\t\t<a href='https:\/\/www.garteln-in-wien.at\/en\/gruenstattgrau\/fricke_einsiedlergasse_10500367_660533264039401_126150629621900735_n-2\/'><img loading=\"lazy\" decoding=\"async\" width=\"150\" height=\"150\" src=\"https:\/\/www.garteln-in-wien.at\/wp-content\/uploads\/2018\/02\/Fricke_Einsiedlergasse_10500367_660533264039401_126150629621900735_n-150x150.jpg\" class=\"attachment-thumbnail size-thumbnail\" alt=\"\" aria-describedby=\"gallery-1-1764\" \/><\/a>\n\t\t\t<\/dt>\n\t\t\t\t<dd class='wp-caption-text gallery-caption' id='gallery-1-1764'>\n\t\t\t\tfacade greenings improve the he microclimate around buildings \u00a9 Fricke\n\t\t\t\t<\/dd><\/dl><dl class='gallery-item'>\n\t\t\t<dt class='gallery-icon landscape'>\n\t\t\t\t<a href='https:\/\/www.garteln-in-wien.at\/en\/gruenstattgrau\/ma22-um-12-37-27-2\/'><img loading=\"lazy\" decoding=\"async\" width=\"150\" height=\"150\" src=\"https:\/\/www.garteln-in-wien.at\/wp-content\/uploads\/2018\/02\/MA22-um-12.37.27-150x150.png\" class=\"attachment-thumbnail size-thumbnail\" alt=\"\" aria-describedby=\"gallery-1-1765\" \/><\/a>\n\t\t\t<\/dt>\n\t\t\t\t<dd class='wp-caption-text gallery-caption' id='gallery-1-1765'>\n\t\t\t\tchoosing the optimal plants and climbing scaffolds help grow fast \u00a9 MA22\n\t\t\t\t<\/dd><\/dl><dl class='gallery-item'>\n\t\t\t<dt class='gallery-icon portrait'>\n\t\t\t\t<a href='https:\/\/www.garteln-in-wien.at\/en\/gruenstattgrau\/10376843_656435337782527_8977867970288918509_n-2\/'><img loading=\"lazy\" decoding=\"async\" width=\"150\" height=\"150\" src=\"https:\/\/www.garteln-in-wien.at\/wp-content\/uploads\/2018\/02\/10376843_656435337782527_8977867970288918509_n-150x150.jpg\" class=\"attachment-thumbnail size-thumbnail\" alt=\"\" aria-describedby=\"gallery-1-1766\" \/><\/a>\n\t\t\t<\/dt>\n\t\t\t\t<dd class='wp-caption-text gallery-caption' id='gallery-1-1766'>\n\t\t\t\tcosy garden at a roof top \u00a9 Gr\u00fcnStattGrau\n\t\t\t\t<\/dd><\/dl><br style=\"clear: both\" \/>\n\t\t<\/div>\n\n<p>Gr\u00fcnStattGrau is 100% owned by the non-profit Verband f\u00fcr Bauwerksbegr\u00fcnung \u00d6sterreich (Association for Green Urban Development, Austria).<\/p>\n<p>&nbsp;<\/p>\n","protected":false},"excerpt":{"rendered":"<p>Gr\u00fcnStattGrau is: the holistic center for green development. Making buildings green often sounds more complicated than it really is. As<\/p>\n","protected":false},"author":3,"featured_media":1760,"parent":0,"menu_order":0,"comment_status":"closed","ping_status":"closed","template":"","meta":{"footnotes":""},"class_list":["post-1819","page","type-page","status-publish","has-post-thumbnail","hentry"],"_links":{"self":[{"href":"https:\/\/www.garteln-in-wien.at\/en\/wp-json\/wp\/v2\/pages\/1819","targetHints":{"allow":["GET"]}}],"collection":[{"href":"https:\/\/www.garteln-in-wien.at\/en\/wp-json\/wp\/v2\/pages"}],"about":[{"href":"https:\/\/www.garteln-in-wien.at\/en\/wp-json\/wp\/v2\/types\/page"}],"author":[{"embeddable":true,"href":"https:\/\/www.garteln-in-wien.at\/en\/wp-json\/wp\/v2\/users\/3"}],"replies":[{"embeddable":true,"href":"https:\/\/www.garteln-in-wien.at\/en\/wp-json\/wp\/v2\/comments?post=1819"}],"version-history":[{"count":5,"href":"https:\/\/www.garteln-in-wien.at\/en\/wp-json\/wp\/v2\/pages\/1819\/revisions"}],"predecessor-version":[{"id":4864,"href":"https:\/\/www.garteln-in-wien.at\/en\/wp-json\/wp\/v2\/pages\/1819\/revisions\/4864"}],"wp:featuredmedia":[{"embeddable":true,"href":"https:\/\/www.garteln-in-wien.at\/en\/wp-json\/wp\/v2\/media\/1760"}],"wp:attachment":[{"href":"https:\/\/www.garteln-in-wien.at\/en\/wp-json\/wp\/v2\/media?parent=1819"}],"curies":[{"name":"wp","href":"https:\/\/api.w.org\/{rel}","templated":true}]}}

GrünStattGrau Research and Innovation GmbH &#8211;  The Center for Green Urban Development

<h4>GrünStattGrau is: the holistic center for green development.</h4>
<p>Making buildings green often sounds more complicated than it really is. As an authority center for green development, we are concerned with bringing people together to advance innovation and transformation. With the support of our network partners in business, science, and management, we would like to help you implement greenery in your interior, roof, or facade.</p>
<h4>GrünStattGrau provides: know-how, tools, and infrastructure.</h4>
<p>GrünStattGrau has the character of a laboratory, with expert advice, opportunities for collaboration in R&amp;D, and exclusive service offers, as well as easy access to partners and infrastructure like online platforms, mobile test tracks, and other experimental spaces.</p>
<p id="tw-target-text" class="tw-data-text tw-text-large tw-ta" dir="ltr" data-placeholder="Übersetzung" aria-label="Übersetzter Text" data-ved="2ahUKEwjdiavas-6FAxX76wIHHVnBD7YQ3ewLegQIBRAT"><strong><span class="Y2IQFc" lang="en">GrünStattGrau has: a comprehensive network of partner companies and supporters.</span></strong></p>
<p class="tw-data-text tw-text-large tw-ta" dir="ltr" data-placeholder="Übersetzung" aria-label="Übersetzter Text" data-ved="2ahUKEwjdiavas-6FAxX76wIHHVnBD7YQ3ewLegQIBRAT"><span class="Y2IQFc" lang="en">We are an interface between network partners from the public sector, business and research and live best practice sharing. In this way, we provide impetus for the use of existing and new technologies, skills and services. This enables GrünStattGrau to act as Austria&#8217;s ambassador for greening projects.</span></p>
<p class="tw-data-text tw-text-large tw-ta" dir="ltr" data-placeholder="Übersetzung" aria-label="Übersetzter Text" data-ved="2ahUKEwjdiavas-6FAxX76wIHHVnBD7YQ3ewLegQIBRAT"><span class="Y2IQFc" lang="en">Link to the GrünStattGrau ⇒ <a href="https://gruenstattgrau.at/netzwerk/datenbank/">database</a></span></p>
<p><strong>GrünStattGrau wants: to bring people together to drive implementation by sharing expertise. </strong></p>
<p>As a promoter of innovation, GrünStattGrau pushes holistic strategies for climate change adaptation through green urban development in Europe.</p>
<h3>GrünStattGrau Research and Innovation-GmbH</h3>
<ul>
<li><strong>Address</strong>: Favoritenstraße 50, 1040 Wien</li>
<li><strong>Contact Information</strong>:
<ul>
<li><strong>Email: </strong><a href="&#x6d;&#x61;&#105;&#108;to&#x3a;&#x6f;&#x66;&#102;ic&#x65;&#x40;&#x67;&#114;&#117;e&#x6e;&#x73;&#x74;&#97;&#116;t&#x67;&#x72;&#x61;&#117;&#46;at" target="_blank" rel="noopener noreferrer">of&#102;&#105;&#99;&#101;&#x40;&#x67;&#x72;&#x75;&#x65;ns&#116;&#97;&#116;&#116;&#x67;&#x72;&#x61;&#x75;&#x2e;at</a></li>
<li><strong>Web: </strong><a href="https://gruenstattgrau.at/en/" target="_blank" rel="noopener noreferrer">gruenstattgrau.at/en/</a></li>
<li><strong>Tel:</strong> 0650 634 9 6 3 1</li>
</ul>
</li>
</ul>
<ul>
<li style="list-style-type: none"></li>
</ul>
<h3>Further Information:</h3>
<ul>
<li><a href="https://www.garteln-in-wien.at/wp-content/uploads/2024/04/GSG-Booklet.pdf" target="_blank" rel="noopener noreferrer">GrünStattGrau Booklet</a></li>
</ul>

		<style type="text/css">
			#gallery-1 {
				margin: auto;
			}
			#gallery-1 .gallery-item {
				float: left;
				margin-top: 10px;
				text-align: center;
				width: 33%;
			}
			#gallery-1 img {
				border: 2px solid #cfcfcf;
			}
			#gallery-1 .gallery-caption {
				margin-left: 0;
			}
			/* see gallery_shortcode() in wp-includes/media.php */
		</style>
		<div id='gallery-1' class='gallery galleryid-1819 gallery-columns-3 gallery-size-thumbnail'><dl class='gallery-item'>
			<dt class='gallery-icon landscape'>
				<a href='https://www.garteln-in-wien.at/en/gruenstattgrau/london_enzi_gedge-2/'><img loading="lazy" decoding="async" width="150" height="150" src="https://www.garteln-in-wien.at/wp-content/uploads/2018/02/London_Enzi_Gedge-150x150.jpg" class="attachment-thumbnail size-thumbnail" alt="" aria-describedby="gallery-1-1755" /></a>
			</dt>
				<dd class='wp-caption-text gallery-caption' id='gallery-1-1755'>
				roof garden in London © GrünStattGrau
				</dd></dl><dl class='gallery-item'>
			<dt class='gallery-icon landscape'>
				<a href='https://www.garteln-in-wien.at/en/gruenstattgrau/20170609_115545-2/'><img loading="lazy" decoding="async" width="150" height="150" src="https://www.garteln-in-wien.at/wp-content/uploads/2018/02/20170609_115545-150x150.jpg" class="attachment-thumbnail size-thumbnail" alt="" aria-describedby="gallery-1-1754" /></a>
			</dt>
				<dd class='wp-caption-text gallery-caption' id='gallery-1-1754'>
				fruit trees, berry bushes, vegetable beds and beehives on a roof,   14th district of Vienna © GrünStattGrau
				</dd></dl><dl class='gallery-item'>
			<dt class='gallery-icon landscape'>
				<a href='https://www.garteln-in-wien.at/en/gruenstattgrau/img_3618-2/'><img loading="lazy" decoding="async" width="150" height="150" src="https://www.garteln-in-wien.at/wp-content/uploads/2018/02/IMG_3618-150x150.jpg" class="attachment-thumbnail size-thumbnail" alt="" aria-describedby="gallery-1-1753" /></a>
			</dt>
				<dd class='wp-caption-text gallery-caption' id='gallery-1-1753'>
				Urban Gardening at the roof, 22nd district of Vienna  © GrünStattGrau
				</dd></dl><br style="clear: both" /><dl class='gallery-item'>
			<dt class='gallery-icon portrait'>
				<a href='https://www.garteln-in-wien.at/en/gruenstattgrau/fricke_einsiedlergasse_10500367_660533264039401_126150629621900735_n-2/'><img loading="lazy" decoding="async" width="150" height="150" src="https://www.garteln-in-wien.at/wp-content/uploads/2018/02/Fricke_Einsiedlergasse_10500367_660533264039401_126150629621900735_n-150x150.jpg" class="attachment-thumbnail size-thumbnail" alt="" aria-describedby="gallery-1-1764" /></a>
			</dt>
				<dd class='wp-caption-text gallery-caption' id='gallery-1-1764'>
				facade greenings improve the he microclimate around buildings © Fricke
				</dd></dl><dl class='gallery-item'>
			<dt class='gallery-icon landscape'>
				<a href='https://www.garteln-in-wien.at/en/gruenstattgrau/ma22-um-12-37-27-2/'><img loading="lazy" decoding="async" width="150" height="150" src="https://www.garteln-in-wien.at/wp-content/uploads/2018/02/MA22-um-12.37.27-150x150.png" class="attachment-thumbnail size-thumbnail" alt="" aria-describedby="gallery-1-1765" /></a>
			</dt>
				<dd class='wp-caption-text gallery-caption' id='gallery-1-1765'>
				choosing the optimal plants and climbing scaffolds help grow fast © MA22
				</dd></dl><dl class='gallery-item'>
			<dt class='gallery-icon portrait'>
				<a href='https://www.garteln-in-wien.at/en/gruenstattgrau/10376843_656435337782527_8977867970288918509_n-2/'><img loading="lazy" decoding="async" width="150" height="150" src="https://www.garteln-in-wien.at/wp-content/uploads/2018/02/10376843_656435337782527_8977867970288918509_n-150x150.jpg" class="attachment-thumbnail size-thumbnail" alt="" aria-describedby="gallery-1-1766" /></a>
			</dt>
				<dd class='wp-caption-text gallery-caption' id='gallery-1-1766'>
				cosy garden at a roof top © GrünStattGrau
				</dd></dl><br style="clear: both" />
		</div>

<p>GrünStattGrau is 100% owned by the non-profit Verband für Bauwerksbegrünung Österreich (Association for Green Urban Development, Austria).</p>
<p>&nbsp;</p>

<p>GrünStattGrau is: the holistic center for green development. Making buildings green often sounds more complicated than it really is. As</p>
