{"id":2539,"date":"2018-02-14T10:47:11","date_gmt":"2018-02-14T09:47:11","guid":{"rendered":"https:\/\/www.garteln-in-wien.at\/bauwerksbegruenungen\/"},"modified":"2024-05-16T11:27:52","modified_gmt":"2024-05-16T09:27:52","slug":"bauwerksbegruenungen","status":"publish","type":"page","link":"https:\/\/www.garteln-in-wien.at\/plain_d\/bauwerksbegruenungen\/","title":{"rendered":"Bauwerksbegr\u00fcnungen"},"content":{"rendered":"<p>Bauwerks-Begr\u00fcnungen sind Pflanzen auf dem Dach.<br \/>\nOder in Geb\u00e4uden oder auf Geb\u00e4uden.<br \/>\nSie verbessern das Klima der Stadt.<\/p>\n<p>In sehr engen Wohn-Gebieten, wo es wenig Gr\u00fcn gibt<br \/>\nist das gut f\u00fcr die Gesundheit der Menschen.<br \/>\nNeue Lebens-R\u00e4ume f\u00fcr Tiere entstehen.<br \/>\nDas ist gut f\u00fcr die Vielfalt von Tieren in der Stadt.<\/p>\n<p>F\u00fcr Geb\u00e4ude ist Begr\u00fcnung gut, weil das Regen-Wasser<br \/>\noder Schmelz-Wasser aufgehalten wird.<br \/>\nDas verdampfte Wasser k\u00fchlt die Luft ab.<br \/>\nDie Begr\u00fcnung d\u00e4mmt Hitze und K\u00e4lte.<br \/>\nBegr\u00fcnte Geb\u00e4ude werden am Immobilien-Markt teurer verkauft.<\/p>\n<p>Informationen und Hilfe bekommen Sie hier:<br \/>\n<a href=\"https:\/\/www.garteln-in-wien.at\/plain_d\/gruenstattgrau\/\" target=\"_blank\" rel=\"noopener noreferrer\">Gr\u00fcnStattGrau Forschungs- und Innovations- GmbH.<\/a><\/p>\n<p>&nbsp;<\/p>\n\n\t\t<style type=\"text\/css\">\n\t\t\t#gallery-1 {\n\t\t\t\tmargin: auto;\n\t\t\t}\n\t\t\t#gallery-1 .gallery-item {\n\t\t\t\tfloat: left;\n\t\t\t\tmargin-top: 10px;\n\t\t\t\ttext-align: center;\n\t\t\t\twidth: 33%;\n\t\t\t}\n\t\t\t#gallery-1 img {\n\t\t\t\tborder: 2px solid #cfcfcf;\n\t\t\t}\n\t\t\t#gallery-1 .gallery-caption {\n\t\t\t\tmargin-left: 0;\n\t\t\t}\n\t\t\t\/* see gallery_shortcode() in wp-includes\/media.php *\/\n\t\t<\/style>\n\t\t<div id='gallery-1' class='gallery galleryid-2539 gallery-columns-3 gallery-size-thumbnail'><dl class='gallery-item'>\n\t\t\t<dt class='gallery-icon landscape'>\n\t\t\t\t<a href='https:\/\/www.garteln-in-wien.at\/plain_d\/gruenstattgrau\/london_enzi_gedge\/'><img loading=\"lazy\" decoding=\"async\" width=\"150\" height=\"150\" src=\"https:\/\/www.garteln-in-wien.at\/wp-content\/uploads\/2018\/02\/London_Enzi_Gedge-150x150.jpg\" class=\"attachment-thumbnail size-thumbnail\" alt=\"\" aria-describedby=\"gallery-1-2759\" \/><\/a>\n\t\t\t<\/dt>\n\t\t\t\t<dd class='wp-caption-text gallery-caption' id='gallery-1-2759'>\n\t\t\t\tAm Bild sehen Sie ein bepflanztes Dach in London. \u00a9 Gr\u00fcnStattGrau\n\t\t\t\t<\/dd><\/dl><dl class='gallery-item'>\n\t\t\t<dt class='gallery-icon landscape'>\n\t\t\t\t<a href='https:\/\/www.garteln-in-wien.at\/plain_d\/gruenstattgrau\/20170609_115545\/'><img loading=\"lazy\" decoding=\"async\" width=\"150\" height=\"150\" src=\"https:\/\/www.garteln-in-wien.at\/wp-content\/uploads\/2018\/02\/20170609_115545-150x150.jpg\" class=\"attachment-thumbnail size-thumbnail\" alt=\"\" aria-describedby=\"gallery-1-2758\" \/><\/a>\n\t\t\t<\/dt>\n\t\t\t\t<dd class='wp-caption-text gallery-caption' id='gallery-1-2758'>\n\t\t\t\tAm Bild sehen Sie Pflanzen und Bienen-St\u00f6cke auf einem Dach im 14. Bezirk. \u00a9 Gr\u00fcnStattGrau\n\t\t\t\t<\/dd><\/dl><dl class='gallery-item'>\n\t\t\t<dt class='gallery-icon landscape'>\n\t\t\t\t<a href='https:\/\/www.garteln-in-wien.at\/plain_d\/gruenstattgrau\/img_3618\/'><img loading=\"lazy\" decoding=\"async\" width=\"150\" height=\"150\" src=\"https:\/\/www.garteln-in-wien.at\/wp-content\/uploads\/2018\/02\/IMG_3618-150x150.jpg\" class=\"attachment-thumbnail size-thumbnail\" alt=\"\" aria-describedby=\"gallery-1-2614\" \/><\/a>\n\t\t\t<\/dt>\n\t\t\t\t<dd class='wp-caption-text gallery-caption' id='gallery-1-2614'>\n\t\t\t\tAm Bild sehen Sie einen Urban-Garden auf einem Dach im 22. Bezirk.  \u00a9 Gr\u00fcnStattGrau\n\t\t\t\t<\/dd><\/dl><br style=\"clear: both\" \/><dl class='gallery-item'>\n\t\t\t<dt class='gallery-icon portrait'>\n\t\t\t\t<a href='https:\/\/www.garteln-in-wien.at\/plain_d\/gruenstattgrau\/fricke_einsiedlergasse_10500367_660533264039401_126150629621900735_n\/'><img loading=\"lazy\" decoding=\"async\" width=\"150\" height=\"150\" src=\"https:\/\/www.garteln-in-wien.at\/wp-content\/uploads\/2018\/02\/Fricke_Einsiedlergasse_10500367_660533264039401_126150629621900735_n-150x150.jpg\" class=\"attachment-thumbnail size-thumbnail\" alt=\"\" aria-describedby=\"gallery-1-2764\" \/><\/a>\n\t\t\t<\/dt>\n\t\t\t\t<dd class='wp-caption-text gallery-caption' id='gallery-1-2764'>\n\t\t\t\tAm Bild sehen Sie eine Geb\u00e4ude-Begr\u00fcnung. Sie verbessert das Klima in der Stadt. \u00a9 Fricke\n\t\t\t\t<\/dd><\/dl><dl class='gallery-item'>\n\t\t\t<dt class='gallery-icon landscape'>\n\t\t\t\t<a href='https:\/\/www.garteln-in-wien.at\/plain_d\/gruenstattgrau\/ma22-um-12-37-27\/'><img loading=\"lazy\" decoding=\"async\" width=\"150\" height=\"150\" src=\"https:\/\/www.garteln-in-wien.at\/wp-content\/uploads\/2018\/02\/MA22-um-12.37.27-150x150.png\" class=\"attachment-thumbnail size-thumbnail\" alt=\"\" aria-describedby=\"gallery-1-2765\" \/><\/a>\n\t\t\t<\/dt>\n\t\t\t\t<dd class='wp-caption-text gallery-caption' id='gallery-1-2765'>\n\t\t\t\tAm Bild sehen Sie ein Rank-Ger\u00fcst mit Kletter-Pflanzen an einem Haus. \u00a9 MA22\n\t\t\t\t<\/dd><\/dl><dl class='gallery-item'>\n\t\t\t<dt class='gallery-icon portrait'>\n\t\t\t\t<a href='https:\/\/www.garteln-in-wien.at\/plain_d\/gruenstattgrau\/10376843_656435337782527_8977867970288918509_n\/'><img loading=\"lazy\" decoding=\"async\" width=\"150\" height=\"150\" src=\"https:\/\/www.garteln-in-wien.at\/wp-content\/uploads\/2018\/02\/10376843_656435337782527_8977867970288918509_n-150x150.jpg\" class=\"attachment-thumbnail size-thumbnail\" alt=\"\" aria-describedby=\"gallery-1-2766\" \/><\/a>\n\t\t\t<\/dt>\n\t\t\t\t<dd class='wp-caption-text gallery-caption' id='gallery-1-2766'>\n\t\t\t\tAm Bild sehen Sie eine Garten auf einem Dach. \u00a9Gr\u00fcnStattGrau\n\t\t\t\t<\/dd><\/dl><br style=\"clear: both\" \/>\n\t\t<\/div>\n\n<p>F\u00fcr den Inhalte von anderen Webseiten sind wir nicht verantwortlich.<br \/>\nWir sind rechtlich nicht f\u00fcr den Inhalt und die Aussagen von anderen Webseiten verantwortlich.<\/p>\n","protected":false},"excerpt":{"rendered":"<p>Bauwerks-Begr\u00fcnungen sind Pflanzen auf dem Dach. Oder in Geb\u00e4uden oder auf Geb\u00e4uden. Sie verbessern das Klima der Stadt. In sehr<\/p>\n","protected":false},"author":3,"featured_media":2540,"parent":0,"menu_order":0,"comment_status":"closed","ping_status":"closed","template":"","meta":{"footnotes":""},"class_list":["post-2539","page","type-page","status-publish","has-post-thumbnail","hentry"],"_links":{"self":[{"href":"https:\/\/www.garteln-in-wien.at\/plain_d\/wp-json\/wp\/v2\/pages\/2539","targetHints":{"allow":["GET"]}}],"collection":[{"href":"https:\/\/www.garteln-in-wien.at\/plain_d\/wp-json\/wp\/v2\/pages"}],"about":[{"href":"https:\/\/www.garteln-in-wien.at\/plain_d\/wp-json\/wp\/v2\/types\/page"}],"author":[{"embeddable":true,"href":"https:\/\/www.garteln-in-wien.at\/plain_d\/wp-json\/wp\/v2\/users\/3"}],"replies":[{"embeddable":true,"href":"https:\/\/www.garteln-in-wien.at\/plain_d\/wp-json\/wp\/v2\/comments?post=2539"}],"version-history":[{"count":2,"href":"https:\/\/www.garteln-in-wien.at\/plain_d\/wp-json\/wp\/v2\/pages\/2539\/revisions"}],"predecessor-version":[{"id":3264,"href":"https:\/\/www.garteln-in-wien.at\/plain_d\/wp-json\/wp\/v2\/pages\/2539\/revisions\/3264"}],"wp:featuredmedia":[{"embeddable":true,"href":"https:\/\/www.garteln-in-wien.at\/plain_d\/wp-json\/wp\/v2\/media\/2540"}],"wp:attachment":[{"href":"https:\/\/www.garteln-in-wien.at\/plain_d\/wp-json\/wp\/v2\/media?parent=2539"}],"curies":[{"name":"wp","href":"https:\/\/api.w.org\/{rel}","templated":true}]}}