{"id":2566,"date":"2016-07-04T16:50:52","date_gmt":"2016-07-04T14:50:52","guid":{"rendered":"https:\/\/www.garteln-in-wien.at\/die-umweltberatung-wien\/"},"modified":"2020-11-05T11:53:48","modified_gmt":"2020-11-05T10:53:48","slug":"die-umweltberatung-wien","status":"publish","type":"page","link":"https:\/\/www.garteln-in-wien.at\/plain_d\/die-umweltberatung-wien\/","title":{"rendered":"DIE UMWELTBERATUNG"},"content":{"rendered":"<p>Die Umweltberatung informiert \u00fcber<br \/>\n\u00f6kologisches Leben und Wirtschaften.<br \/>\n\u00d6kologisch bedeutet: Ich gehe gut mit der Umwelt um,<br \/>\ndamit sie gesund bleibt.<\/p>\n<p>Das macht Die Umweltberatung:<\/p>\n<ul>\n<li>Tipps zum Garten.<br \/>\nZum Beispiel:<br \/>\nBiologischer Schutz von Pflanzen.<br \/>\nPflanzen f\u00fcr N\u00fctzlinge anbauen, zum Beispiel Bienen.<\/li>\n<li>Biologische Schutz-Mittel f\u00fcr Pflanzen<\/li>\n<li>Hilft bei der Auswahl von Pflanzen.<br \/>\nZum Beispiel f\u00fcr einen biologischen Garten,<br \/>\nPflanzung von Fassaden oder Pflanzen-Kisten am Fenster-Brett.<\/li>\n<li>Hilft bei der Begr\u00fcnung, wenn wenig Platz da ist.<\/li>\n<li>Informationen, wie man einen Kompost-Haufen anlegt.<\/li>\n<li>Informationen, wie man mulcht.<br \/>\nMulchen bedeutet, man legt auf den Boden zwischen<br \/>\nden Pflanzen geschnittenes Gras oder Laub.<br \/>\nDas ist ein D\u00fcnger f\u00fcr die Pflanzen und hilft gegen Unkraut.<br \/>\nUnkraut sind Pflanzen, die man nicht angebaut hat,<br \/>\nund trotzdem wachsen.<br \/>\nSie nehmen den anderen Pflanzen N\u00e4hr-Stoffe und Sonnen-Licht weg.<\/li>\n<li>Informationen \u00fcber biologisches Saat-Gut.<br \/>\nSaat-Gut sind Samen und Fr\u00fcchte zur Vermehrung von Pflanzen.<\/li>\n<li>Biologisches Saat-Gut wird in der biologischen Landwirtschaft vermehrt.<br \/>\nWelche Pflanzen wachsen gut miteinander?<\/li>\n<li>Wie verarbeite ich Gem\u00fcse und Obst?<\/li>\n<\/ul>\n<p>Rezepte f\u00fcr das Haltbarmachen von Kr\u00e4utern und Fr\u00fcchten.<br \/>\nKochen mit Wild-Obst und Wild-Kr\u00e4utern.<\/p>\n<ul>\n<li>Brosch\u00fcren, Folder und Informationen<br \/>\nauf dieser Webseite: <a href=\"http:\/\/www.umweltberatung.at\" target=\"_blank\" rel=\"noopener noreferrer\">umweltberatung.at<\/a><\/li>\n<li>Informationen am Telefon: 01 803 32 32<\/li>\n<\/ul>\n<p>Es gibt ein G\u00fcte-Siegel das \u201ebiologisch G\u00c4RTNERN\u201c hei\u00dft.<br \/>\nWenn Sie dieses G\u00fcte-Siegel auf Garten-Produkten sehen,<br \/>\nbedeutet das: Das Produkt ist gut f\u00fcr die Umwelt.<\/p>\n<p>Auf dieser Webseite finden Sie Produkte mit dem G\u00fcte-Siegel:<\/p>\n<p><a href=\"https:\/\/www.umweltberatung.at\/biologisch-gaertnern-produktdatenbank\" target=\"_blank\" rel=\"noopener noreferrer\">https:\/\/www.umweltberatung.at\/biologisch-gaertnern-produktdatenbank<\/a><\/p>\n<h3>DIE UMWELTBERATUNG<\/h3>\n<ul>\n<li><strong>Adresse<\/strong>: Buchengasse 77\/4 1100 Wien\n<ul>\n<li>\u00d6ffnungszeiten: Mo-Do 09.00-15.00 Uhr &amp; Fr 09.00-12.00 Uhr<\/li>\n<\/ul>\n<\/li>\n<\/ul>\n<ul>\n<li><strong>Kontakt<\/strong>:\n<ul>\n<li><strong>Email: <\/strong><a href=\"&#x6d;&#97;i&#x6c;&#116;o&#x3a;&#115;e&#x72;&#118;i&#x63;&#101;&#64;&#x75;&#109;w&#x65;&#108;t&#x62;&#101;r&#x61;&#116;u&#x6e;&#103;&#46;&#x61;&#116;\" target=\"_blank\" rel=\"noopener noreferrer\">serv&#105;&#99;&#101;&#64;&#117;&#109;&#119;&#x65;&#x6c;&#x74;&#x62;&#x65;&#x72;&#x61;&#x74;&#x75;ng&#46;a&#116;<\/a><\/li>\n<li><strong>Web: <\/strong><a href=\"http:\/\/www.umweltberatung.at\" target=\"_blank\" rel=\"noopener noreferrer\">umweltberatung.at<\/a><\/li>\n<li><strong>Tel.:<\/strong> 01 803 32 32<\/li>\n<\/ul>\n<\/li>\n<\/ul>\n\n\t\t<style type=\"text\/css\">\n\t\t\t#gallery-1 {\n\t\t\t\tmargin: auto;\n\t\t\t}\n\t\t\t#gallery-1 .gallery-item {\n\t\t\t\tfloat: left;\n\t\t\t\tmargin-top: 10px;\n\t\t\t\ttext-align: center;\n\t\t\t\twidth: 33%;\n\t\t\t}\n\t\t\t#gallery-1 img {\n\t\t\t\tborder: 2px solid #cfcfcf;\n\t\t\t}\n\t\t\t#gallery-1 .gallery-caption {\n\t\t\t\tmargin-left: 0;\n\t\t\t}\n\t\t\t\/* see gallery_shortcode() in wp-includes\/media.php *\/\n\t\t<\/style>\n\t\t<div id='gallery-1' class='gallery galleryid-2566 gallery-columns-3 gallery-size-thumbnail'><dl class='gallery-item'>\n\t\t\t<dt class='gallery-icon landscape'>\n\t\t\t\t<a href='https:\/\/www.garteln-in-wien.at\/plain_d\/beratung-monika-kupka_die-umweltberatung-2\/'><img loading=\"lazy\" decoding=\"async\" width=\"150\" height=\"150\" src=\"https:\/\/www.garteln-in-wien.at\/wp-content\/uploads\/2016\/08\/Beratung-\u00a9-Monika-Kupka_die-umweltberatung-150x150.jpg\" class=\"attachment-thumbnail size-thumbnail\" alt=\"\" aria-describedby=\"gallery-1-3182\" \/><\/a>\n\t\t\t<\/dt>\n\t\t\t\t<dd class='wp-caption-text gallery-caption' id='gallery-1-3182'>\n\t\t\t\tAm Bild sehen Sie wie die Umweltberatung zwei Personen ber\u00e4t. \u00a9-Monika-Kupka_die-umweltberatung\n\t\t\t\t<\/dd><\/dl><dl class='gallery-item'>\n\t\t\t<dt class='gallery-icon landscape'>\n\t\t\t\t<a href='https:\/\/www.garteln-in-wien.at\/plain_d\/hochbeet-mit-salatsabine-seidl-die-umweltberatung-2\/'><img loading=\"lazy\" decoding=\"async\" width=\"150\" height=\"150\" src=\"https:\/\/www.garteln-in-wien.at\/wp-content\/uploads\/2016\/08\/Hochbeet-mit-Salat\u00a9Sabine-Seidl-die-umweltberatung-150x150.jpg\" class=\"attachment-thumbnail size-thumbnail\" alt=\"\" aria-describedby=\"gallery-1-3179\" \/><\/a>\n\t\t\t<\/dt>\n\t\t\t\t<dd class='wp-caption-text gallery-caption' id='gallery-1-3179'>\n\t\t\t\tAm Bild sehen Sie ein Hoch-Beet mit Salat. \u00a9 Sabine-Seidl-die-umweltberatung\n\t\t\t\t<\/dd><\/dl><dl class='gallery-item'>\n\t\t\t<dt class='gallery-icon landscape'>\n\t\t\t\t<a href='https:\/\/www.garteln-in-wien.at\/plain_d\/marienkaefer-ingrid_tributsch-2\/'><img loading=\"lazy\" decoding=\"async\" width=\"150\" height=\"150\" src=\"https:\/\/www.garteln-in-wien.at\/wp-content\/uploads\/2016\/08\/Marienkaefer-\u00a9-Ingrid_Tributsch-150x150.jpg\" class=\"attachment-thumbnail size-thumbnail\" alt=\"\" aria-describedby=\"gallery-1-3177\" \/><\/a>\n\t\t\t<\/dt>\n\t\t\t\t<dd class='wp-caption-text gallery-caption' id='gallery-1-3177'>\n\t\t\t\tAm Bild sehen Sie einen Marienk\u00e4fer. Er ist ein wichtiger N\u00fctzling. \u00a9 Ingrid_Tributsch\n\t\t\t\t<\/dd><\/dl><br style=\"clear: both\" \/><dl class='gallery-item'>\n\t\t\t<dt class='gallery-icon landscape'>\n\t\t\t\t<a href='https:\/\/www.garteln-in-wien.at\/plain_d\/vogelmiere-gabriele-homolka_die-umweltberatung-2\/'><img loading=\"lazy\" decoding=\"async\" width=\"150\" height=\"150\" src=\"https:\/\/www.garteln-in-wien.at\/wp-content\/uploads\/2016\/08\/Vogelmiere-\u00a9-Gabriele-Homolka_die-umweltberatung-150x150.jpg\" class=\"attachment-thumbnail size-thumbnail\" alt=\"\" aria-describedby=\"gallery-1-3176\" \/><\/a>\n\t\t\t<\/dt>\n\t\t\t\t<dd class='wp-caption-text gallery-caption' id='gallery-1-3176'>\n\t\t\t\tAm Bild sehen Sie die Pflanze Vogelmiere.  \u00a9 Gabriele-Homolka_die-umweltberatung\n\t\t\t\t<\/dd><\/dl><dl class='gallery-item'>\n\t\t\t<dt class='gallery-icon landscape'>\n\t\t\t\t<a href='https:\/\/www.garteln-in-wien.at\/plain_d\/hagebutten-sabine-seidl_die-umweltberatung-2\/'><img loading=\"lazy\" decoding=\"async\" width=\"150\" height=\"150\" src=\"https:\/\/www.garteln-in-wien.at\/wp-content\/uploads\/2016\/08\/Hagebutten-\u00a9-Sabine-Seidl_die-umweltberatung-150x150.jpg\" class=\"attachment-thumbnail size-thumbnail\" alt=\"\" aria-describedby=\"gallery-1-3181\" \/><\/a>\n\t\t\t<\/dt>\n\t\t\t\t<dd class='wp-caption-text gallery-caption' id='gallery-1-3181'>\n\t\t\t\tAm Bild sehen Sie die Pflanze Vogelmiere.  Am Bild sehen Sie Hagebutten.\u00a9-Sabine-Seidl_die-umweltberatung\n\t\t\t\t<\/dd><\/dl><dl class='gallery-item'>\n\t\t\t<dt class='gallery-icon landscape'>\n\t\t\t\t<a href='https:\/\/www.garteln-in-wien.at\/plain_d\/kirschlaub-sabine-seidl_die-umweltberatung-2\/'><img loading=\"lazy\" decoding=\"async\" width=\"150\" height=\"150\" src=\"https:\/\/www.garteln-in-wien.at\/wp-content\/uploads\/2016\/08\/Kirschlaub-\u00a9-Sabine-Seidl_die-umweltberatung-150x150.jpg\" class=\"attachment-thumbnail size-thumbnail\" alt=\"\" aria-describedby=\"gallery-1-3180\" \/><\/a>\n\t\t\t<\/dt>\n\t\t\t\t<dd class='wp-caption-text gallery-caption' id='gallery-1-3180'>\n\t\t\t\tAm Bild sehen Sie Laub von einem Kirschbaum. \u00a9 Sabine-Seidl_die-umweltberatung\n\t\t\t\t<\/dd><\/dl><br style=\"clear: both\" \/>\n\t\t<\/div>\n\n","protected":false},"excerpt":{"rendered":"<p>Die Umweltberatung informiert \u00fcber \u00f6kologisches Leben und Wirtschaften. \u00d6kologisch bedeutet: Ich gehe gut mit der Umwelt um, damit sie gesund<\/p>\n","protected":false},"author":3,"featured_media":2567,"parent":0,"menu_order":0,"comment_status":"closed","ping_status":"closed","template":"","meta":{"footnotes":""},"class_list":["post-2566","page","type-page","status-publish","has-post-thumbnail","hentry"],"_links":{"self":[{"href":"https:\/\/www.garteln-in-wien.at\/plain_d\/wp-json\/wp\/v2\/pages\/2566","targetHints":{"allow":["GET"]}}],"collection":[{"href":"https:\/\/www.garteln-in-wien.at\/plain_d\/wp-json\/wp\/v2\/pages"}],"about":[{"href":"https:\/\/www.garteln-in-wien.at\/plain_d\/wp-json\/wp\/v2\/types\/page"}],"author":[{"embeddable":true,"href":"https:\/\/www.garteln-in-wien.at\/plain_d\/wp-json\/wp\/v2\/users\/3"}],"replies":[{"embeddable":true,"href":"https:\/\/www.garteln-in-wien.at\/plain_d\/wp-json\/wp\/v2\/comments?post=2566"}],"version-history":[{"count":3,"href":"https:\/\/www.garteln-in-wien.at\/plain_d\/wp-json\/wp\/v2\/pages\/2566\/revisions"}],"predecessor-version":[{"id":3335,"href":"https:\/\/www.garteln-in-wien.at\/plain_d\/wp-json\/wp\/v2\/pages\/2566\/revisions\/3335"}],"wp:featuredmedia":[{"embeddable":true,"href":"https:\/\/www.garteln-in-wien.at\/plain_d\/wp-json\/wp\/v2\/media\/2567"}],"wp:attachment":[{"href":"https:\/\/www.garteln-in-wien.at\/plain_d\/wp-json\/wp\/v2\/media?parent=2566"}],"curies":[{"name":"wp","href":"https:\/\/api.w.org\/{rel}","templated":true}]}}