{"id":2572,"date":"2016-07-07T15:29:21","date_gmt":"2016-07-07T13:29:21","guid":{"rendered":"https:\/\/www.garteln-in-wien.at\/gartelterminkalender\/"},"modified":"2024-05-16T10:28:26","modified_gmt":"2024-05-16T08:28:26","slug":"gartelterminkalender","status":"publish","type":"page","link":"https:\/\/www.garteln-in-wien.at\/plain_d\/gartelterminkalender\/","title":{"rendered":"Gartel -Terminkalender"},"content":{"rendered":"<p>Hier finden Sie alle Termine f\u00fcr:<br \/>\nFortbildungen, F\u00fchrungen und Feste zum Thema G\u00e4rtnern.<\/p>\n<p><a href=\"https:\/\/www.bioforschung.at\/veranstaltungen\/\" target=\"_blank\" rel=\"noopener noreferrer\">Veranstaltungen der Bio Forschung Austria &#8211; Garteln in Wien<\/a><\/p>\n<p><a href=\"https:\/\/www.wien.gv.at\/umwelt\/parks\/schulgarten-kagran\/fuehrungen.html\" target=\"_blank\" rel=\"noopener noreferrer\">Workshops und F\u00fchrungen im Schulgarten Kagran<\/a><\/p>\n<p><a href=\"https:\/\/www.wien.gv.at\/umwelt\/parks\/blumengaerten-hirschstetten\/fuehrungen.html\" target=\"_blank\" rel=\"noopener noreferrer\">Workshops und F\u00fchrungen in den Blumeng\u00e4rten Hirschstetten<\/a><\/p>\n<p><a href=\"http:\/\/www.umweltberatung.at\/bildungsangebote\/bildungsangebote-die-umweltberatung\" target=\"_blank\" rel=\"noopener noreferrer\">Bildungsangebote von &#8220;DIE UMWELTBERATUNG&#8221;<\/a><\/p>\n<p><a href=\"https:\/\/gartenpolylog.org\/index.php\/termine\" target=\"_blank\" rel=\"noopener noreferrer\">Veranstaltungen von Gartenpolylog<\/a><\/p>\n<p><a href=\"http:\/\/www.gbstern.at\/eventkalender\/\" target=\"_blank\" rel=\"noopener noreferrer\">Veranstaltungskalender der Gebietsbetreuungen Stadterneuerung<\/a><\/p>\n<p><a href=\"http:\/\/www.la21wien.at\/kalender.html\" target=\"_blank\" rel=\"noopener noreferrer\">Veranstaltungskalender von Lokale Agenda21<\/a><\/p>\n<p><a href=\"https:\/\/www.cityfarm.wien\/programmuebersicht\/\" target=\"_blank\" rel=\"noopener noreferrer\">Veranstaltungs\u00fcbersicht der City Farm Augarten<\/a><\/p>\n<p><a href=\"http:\/\/stadtlandwirtschaft.wien\/veranstaltungen\" target=\"_blank\" rel=\"noopener noreferrer\">Veranstaltungskalender von stadtlandwirtschaft.at<\/a><\/p>\n<p><a href=\"http:\/\/www.naturimgarten.at\/veranstaltungen\" target=\"_blank\" rel=\"noopener noreferrer\">Veranstaltungen von Natur im Garten<\/a><\/p>\n<p><a href=\"https:\/\/www.bluehendesoesterreich.at\/veranstaltungen\/\" target=\"_blank\" rel=\"noopener noreferrer\">Veranstaltungskalender &#8220;Bl\u00fchendes \u00d6sterreich&#8221;<\/a><\/p>\n<p><a href=\"https:\/\/www.arche-noah.at\/kalender\/\">Veranstaltungskalender &#8220;Arche Noah&#8221;<\/a><\/p>\n\n\t\t<style type=\"text\/css\">\n\t\t\t#gallery-1 {\n\t\t\t\tmargin: auto;\n\t\t\t}\n\t\t\t#gallery-1 .gallery-item {\n\t\t\t\tfloat: left;\n\t\t\t\tmargin-top: 10px;\n\t\t\t\ttext-align: center;\n\t\t\t\twidth: 33%;\n\t\t\t}\n\t\t\t#gallery-1 img {\n\t\t\t\tborder: 2px solid #cfcfcf;\n\t\t\t}\n\t\t\t#gallery-1 .gallery-caption {\n\t\t\t\tmargin-left: 0;\n\t\t\t}\n\t\t\t\/* see gallery_shortcode() in wp-includes\/media.php *\/\n\t\t<\/style>\n\t\t<div id='gallery-1' class='gallery galleryid-2572 gallery-columns-3 gallery-size-thumbnail'><dl class='gallery-item'>\n\t\t\t<dt class='gallery-icon landscape'>\n\t\t\t\t<a href='https:\/\/www.garteln-in-wien.at\/plain_d\/gartelterminkalender\/img_9701\/'><img loading=\"lazy\" decoding=\"async\" width=\"150\" height=\"150\" src=\"https:\/\/www.garteln-in-wien.at\/wp-content\/uploads\/2016\/07\/IMG_9701-150x150.jpg\" class=\"attachment-thumbnail size-thumbnail\" alt=\"\" aria-describedby=\"gallery-1-2817\" \/><\/a>\n\t\t\t<\/dt>\n\t\t\t\t<dd class='wp-caption-text gallery-caption' id='gallery-1-2817'>\n\t\t\t\tAm Bild sehen Sie eine F\u00fchrung durch den \u201cGarten der Vielfalt\u201d.\n\t\t\t\t<\/dd><\/dl><dl class='gallery-item'>\n\t\t\t<dt class='gallery-icon landscape'>\n\t\t\t\t<a href='https:\/\/www.garteln-in-wien.at\/plain_d\/2017-06-24_004_cr_a_mrkvicka-2\/'><img loading=\"lazy\" decoding=\"async\" width=\"150\" height=\"150\" src=\"https:\/\/www.garteln-in-wien.at\/wp-content\/uploads\/2017\/07\/2017-06-24_004_CR_A_MRKVICKA-150x150.jpg\" class=\"attachment-thumbnail size-thumbnail\" alt=\"\" aria-describedby=\"gallery-1-3205\" \/><\/a>\n\t\t\t<\/dt>\n\t\t\t\t<dd class='wp-caption-text gallery-caption' id='gallery-1-3205'>\n\t\t\t\tBiomonitoring von Kleintieren beim Tag der Artenvielfalt \u00a9 A. Mrkvicka\n\t\t\t\t<\/dd><\/dl><dl class='gallery-item'>\n\t\t\t<dt class='gallery-icon landscape'>\n\t\t\t\t<a href='https:\/\/www.garteln-in-wien.at\/plain_d\/gartelterminkalender\/img_2277\/'><img loading=\"lazy\" decoding=\"async\" width=\"150\" height=\"150\" src=\"https:\/\/www.garteln-in-wien.at\/wp-content\/uploads\/2016\/07\/IMG_2277-150x150.jpg\" class=\"attachment-thumbnail size-thumbnail\" alt=\"\" aria-describedby=\"gallery-1-2815\" \/><\/a>\n\t\t\t<\/dt>\n\t\t\t\t<dd class='wp-caption-text gallery-caption' id='gallery-1-2815'>\n\t\t\t\tStand der Bio Forschung Austria am Mistfest \n\t\t\t\t<\/dd><\/dl><br style=\"clear: both\" \/><dl class='gallery-item'>\n\t\t\t<dt class='gallery-icon landscape'>\n\t\t\t\t<a href='https:\/\/www.garteln-in-wien.at\/plain_d\/gartelterminkalender\/dlt2013_tullnimg_5312-2\/'><img loading=\"lazy\" decoding=\"async\" width=\"150\" height=\"150\" src=\"https:\/\/www.garteln-in-wien.at\/wp-content\/uploads\/2016\/07\/dlt2013_tullnimg_5312-1-150x150.jpg\" class=\"attachment-thumbnail size-thumbnail\" alt=\"\" aria-describedby=\"gallery-1-2814\" \/><\/a>\n\t\t\t<\/dt>\n\t\t\t\t<dd class='wp-caption-text gallery-caption' id='gallery-1-2814'>\n\t\t\t\tWorkshop Soziale Landwirtschaft auf der Donaul\u00e4ndertagung\n\t\t\t\t<\/dd><\/dl><dl class='gallery-item'>\n\t\t\t<dt class='gallery-icon landscape'>\n\t\t\t\t<a href='https:\/\/www.garteln-in-wien.at\/plain_d\/gartelterminkalender\/20141031_123459\/'><img loading=\"lazy\" decoding=\"async\" width=\"150\" height=\"150\" src=\"https:\/\/www.garteln-in-wien.at\/wp-content\/uploads\/2016\/07\/20141031_123459-150x150.jpg\" class=\"attachment-thumbnail size-thumbnail\" alt=\"\" aria-describedby=\"gallery-1-2573\" \/><\/a>\n\t\t\t<\/dt>\n\t\t\t\t<dd class='wp-caption-text gallery-caption' id='gallery-1-2573'>\n\t\t\t\tTagung zu \u00f6kologischem Weinbau im Nationalparkhaus Lobau\n\t\t\t\t<\/dd><\/dl><dl class='gallery-item'>\n\t\t\t<dt class='gallery-icon portrait'>\n\t\t\t\t<a href='https:\/\/www.garteln-in-wien.at\/plain_d\/2017-05-05-miteinander-bio-garteln-5-bio-forschung-austria-2\/'><img loading=\"lazy\" decoding=\"async\" width=\"150\" height=\"150\" src=\"https:\/\/www.garteln-in-wien.at\/wp-content\/uploads\/2017\/07\/2017-05-05-Miteinander-Bio-Garteln-5-\u00a9-Bio-Forschung-Austria-e1591434860254-150x150.jpg\" class=\"attachment-thumbnail size-thumbnail\" alt=\"\" aria-describedby=\"gallery-1-3209\" \/><\/a>\n\t\t\t<\/dt>\n\t\t\t\t<dd class='wp-caption-text gallery-caption' id='gallery-1-3209'>\n\t\t\t\tAm Bild sehen Sie Menschen, die beim Kurs \u201cMiteinander  Bio-Garteln\u201d teilnehmen\n\t\t\t\t<\/dd><\/dl><br style=\"clear: both\" \/>\n\t\t<\/div>\n\n<p>Die Webseite wird immer wieder \u00fcberarbeitet.<br \/>\nEs k\u00f6nnen neue Inhalte dazukommen.<br \/>\nDie Aufz\u00e4hlungen sind deshalb nicht vollst\u00e4ndig.<\/p>\n<p>F\u00fcr den Inhalte von anderen Webseiten sind wir nicht verantwortlich.<br \/>\nWir sind rechtlich nicht f\u00fcr den Inhalt und die Aussagen von anderen Webseiten verantwortlich.<\/p>\n","protected":false},"excerpt":{"rendered":"<p>Hier finden Sie alle Termine f\u00fcr: Fortbildungen, F\u00fchrungen und Feste zum Thema G\u00e4rtnern. Veranstaltungen der Bio Forschung Austria &#8211; Garteln<\/p>\n","protected":false},"author":3,"featured_media":2574,"parent":0,"menu_order":0,"comment_status":"closed","ping_status":"closed","template":"","meta":{"footnotes":""},"class_list":["post-2572","page","type-page","status-publish","has-post-thumbnail","hentry"],"_links":{"self":[{"href":"https:\/\/www.garteln-in-wien.at\/plain_d\/wp-json\/wp\/v2\/pages\/2572","targetHints":{"allow":["GET"]}}],"collection":[{"href":"https:\/\/www.garteln-in-wien.at\/plain_d\/wp-json\/wp\/v2\/pages"}],"about":[{"href":"https:\/\/www.garteln-in-wien.at\/plain_d\/wp-json\/wp\/v2\/types\/page"}],"author":[{"embeddable":true,"href":"https:\/\/www.garteln-in-wien.at\/plain_d\/wp-json\/wp\/v2\/users\/3"}],"replies":[{"embeddable":true,"href":"https:\/\/www.garteln-in-wien.at\/plain_d\/wp-json\/wp\/v2\/comments?post=2572"}],"version-history":[{"count":5,"href":"https:\/\/www.garteln-in-wien.at\/plain_d\/wp-json\/wp\/v2\/pages\/2572\/revisions"}],"predecessor-version":[{"id":4898,"href":"https:\/\/www.garteln-in-wien.at\/plain_d\/wp-json\/wp\/v2\/pages\/2572\/revisions\/4898"}],"wp:featuredmedia":[{"embeddable":true,"href":"https:\/\/www.garteln-in-wien.at\/plain_d\/wp-json\/wp\/v2\/media\/2574"}],"wp:attachment":[{"href":"https:\/\/www.garteln-in-wien.at\/plain_d\/wp-json\/wp\/v2\/media?parent=2572"}],"curies":[{"name":"wp","href":"https:\/\/api.w.org\/{rel}","templated":true}]}}

<p>Hier finden Sie alle Termine für:<br />
Fortbildungen, Führungen und Feste zum Thema Gärtnern.</p>
<p><a href="https://www.bioforschung.at/veranstaltungen/" target="_blank" rel="noopener noreferrer">Veranstaltungen der Bio Forschung Austria &#8211; Garteln in Wien</a></p>
<p><a href="https://www.wien.gv.at/umwelt/parks/schulgarten-kagran/fuehrungen.html" target="_blank" rel="noopener noreferrer">Workshops und Führungen im Schulgarten Kagran</a></p>
<p><a href="https://www.wien.gv.at/umwelt/parks/blumengaerten-hirschstetten/fuehrungen.html" target="_blank" rel="noopener noreferrer">Workshops und Führungen in den Blumengärten Hirschstetten</a></p>
<p><a href="http://www.umweltberatung.at/bildungsangebote/bildungsangebote-die-umweltberatung" target="_blank" rel="noopener noreferrer">Bildungsangebote von &#8220;DIE UMWELTBERATUNG&#8221;</a></p>
<p><a href="https://gartenpolylog.org/index.php/termine" target="_blank" rel="noopener noreferrer">Veranstaltungen von Gartenpolylog</a></p>
<p><a href="http://www.gbstern.at/eventkalender/" target="_blank" rel="noopener noreferrer">Veranstaltungskalender der Gebietsbetreuungen Stadterneuerung</a></p>
<p><a href="http://www.la21wien.at/kalender.html" target="_blank" rel="noopener noreferrer">Veranstaltungskalender von Lokale Agenda21</a></p>
<p><a href="https://www.cityfarm.wien/programmuebersicht/" target="_blank" rel="noopener noreferrer">Veranstaltungsübersicht der City Farm Augarten</a></p>
<p><a href="http://stadtlandwirtschaft.wien/veranstaltungen" target="_blank" rel="noopener noreferrer">Veranstaltungskalender von stadtlandwirtschaft.at</a></p>
<p><a href="http://www.naturimgarten.at/veranstaltungen" target="_blank" rel="noopener noreferrer">Veranstaltungen von Natur im Garten</a></p>
<p><a href="https://www.bluehendesoesterreich.at/veranstaltungen/" target="_blank" rel="noopener noreferrer">Veranstaltungskalender &#8220;Blühendes Österreich&#8221;</a></p>
<p><a href="https://www.arche-noah.at/kalender/">Veranstaltungskalender &#8220;Arche Noah&#8221;</a></p>

		<style type="text/css">
			#gallery-1 {
				margin: auto;
			}
			#gallery-1 .gallery-item {
				float: left;
				margin-top: 10px;
				text-align: center;
				width: 33%;
			}
			#gallery-1 img {
				border: 2px solid #cfcfcf;
			}
			#gallery-1 .gallery-caption {
				margin-left: 0;
			}
			/* see gallery_shortcode() in wp-includes/media.php */
		</style>
		<div id='gallery-1' class='gallery galleryid-2572 gallery-columns-3 gallery-size-thumbnail'><dl class='gallery-item'>
			<dt class='gallery-icon landscape'>
				<a href='https://www.garteln-in-wien.at/plain_d/gartelterminkalender/img_9701/'><img loading="lazy" decoding="async" width="150" height="150" src="https://www.garteln-in-wien.at/wp-content/uploads/2016/07/IMG_9701-150x150.jpg" class="attachment-thumbnail size-thumbnail" alt="" aria-describedby="gallery-1-2817" /></a>
			</dt>
				<dd class='wp-caption-text gallery-caption' id='gallery-1-2817'>
				Am Bild sehen Sie eine Führung durch den “Garten der Vielfalt”.
				</dd></dl><dl class='gallery-item'>
			<dt class='gallery-icon landscape'>
				<a href='https://www.garteln-in-wien.at/plain_d/2017-06-24_004_cr_a_mrkvicka-2/'><img loading="lazy" decoding="async" width="150" height="150" src="https://www.garteln-in-wien.at/wp-content/uploads/2017/07/2017-06-24_004_CR_A_MRKVICKA-150x150.jpg" class="attachment-thumbnail size-thumbnail" alt="" aria-describedby="gallery-1-3205" /></a>
			</dt>
				<dd class='wp-caption-text gallery-caption' id='gallery-1-3205'>
				Biomonitoring von Kleintieren beim Tag der Artenvielfalt © A. Mrkvicka
				</dd></dl><dl class='gallery-item'>
			<dt class='gallery-icon landscape'>
				<a href='https://www.garteln-in-wien.at/plain_d/gartelterminkalender/img_2277/'><img loading="lazy" decoding="async" width="150" height="150" src="https://www.garteln-in-wien.at/wp-content/uploads/2016/07/IMG_2277-150x150.jpg" class="attachment-thumbnail size-thumbnail" alt="" aria-describedby="gallery-1-2815" /></a>
			</dt>
				<dd class='wp-caption-text gallery-caption' id='gallery-1-2815'>
				Stand der Bio Forschung Austria am Mistfest 
				</dd></dl><br style="clear: both" /><dl class='gallery-item'>
			<dt class='gallery-icon landscape'>
				<a href='https://www.garteln-in-wien.at/plain_d/gartelterminkalender/dlt2013_tullnimg_5312-2/'><img loading="lazy" decoding="async" width="150" height="150" src="https://www.garteln-in-wien.at/wp-content/uploads/2016/07/dlt2013_tullnimg_5312-1-150x150.jpg" class="attachment-thumbnail size-thumbnail" alt="" aria-describedby="gallery-1-2814" /></a>
			</dt>
				<dd class='wp-caption-text gallery-caption' id='gallery-1-2814'>
				Workshop Soziale Landwirtschaft auf der Donauländertagung
				</dd></dl><dl class='gallery-item'>
			<dt class='gallery-icon landscape'>
				<a href='https://www.garteln-in-wien.at/plain_d/gartelterminkalender/20141031_123459/'><img loading="lazy" decoding="async" width="150" height="150" src="https://www.garteln-in-wien.at/wp-content/uploads/2016/07/20141031_123459-150x150.jpg" class="attachment-thumbnail size-thumbnail" alt="" aria-describedby="gallery-1-2573" /></a>
			</dt>
				<dd class='wp-caption-text gallery-caption' id='gallery-1-2573'>
				Tagung zu ökologischem Weinbau im Nationalparkhaus Lobau
				</dd></dl><dl class='gallery-item'>
			<dt class='gallery-icon portrait'>
				<a href='https://www.garteln-in-wien.at/plain_d/2017-05-05-miteinander-bio-garteln-5-bio-forschung-austria-2/'><img loading="lazy" decoding="async" width="150" height="150" src="https://www.garteln-in-wien.at/wp-content/uploads/2017/07/2017-05-05-Miteinander-Bio-Garteln-5-©-Bio-Forschung-Austria-e1591434860254-150x150.jpg" class="attachment-thumbnail size-thumbnail" alt="" aria-describedby="gallery-1-3209" /></a>
			</dt>
				<dd class='wp-caption-text gallery-caption' id='gallery-1-3209'>
				Am Bild sehen Sie Menschen, die beim Kurs “Miteinander  Bio-Garteln” teilnehmen
				</dd></dl><br style="clear: both" />
		</div>

<p>Die Webseite wird immer wieder überarbeitet.<br />
Es können neue Inhalte dazukommen.<br />
Die Aufzählungen sind deshalb nicht vollständig.</p>
<p>Für den Inhalte von anderen Webseiten sind wir nicht verantwortlich.<br />
Wir sind rechtlich nicht für den Inhalt und die Aussagen von anderen Webseiten verantwortlich.</p>

<p>Hier finden Sie alle Termine für: Fortbildungen, Führungen und Feste zum Thema Gärtnern. Veranstaltungen der Bio Forschung Austria &#8211; Garteln</p>
