{"id":2583,"date":"2016-07-04T16:54:44","date_gmt":"2016-07-04T14:54:44","guid":{"rendered":"https:\/\/www.garteln-in-wien.at\/garteln-ums-eck\/"},"modified":"2024-05-16T12:13:41","modified_gmt":"2024-05-16T10:13:41","slug":"garteln-ums-eck","status":"publish","type":"page","link":"https:\/\/www.garteln-in-wien.at\/plain_d\/garteln-ums-eck\/","title":{"rendered":"Garteln ums Eck"},"content":{"rendered":"<p>Bei \u201eGarteln ums Eck\u201c versch\u00f6nern Sie ihren Stadt-Teil.<br \/>\nSie bepflanzen eine Baum-Scheibe oder ein freies St\u00fcck Land.<br \/>\nDas St\u00fcck Land ist maximal 50 Quadratmeter gro\u00df.<\/p>\n<p>Die <a href=\"https:\/\/www.garteln-in-wien.at\/plain_d\/gebietsbetreuungen\/\">Gebietsbetreuung Stadterneuerung<\/a> (Abk\u00fcrzung: GB*)<br \/>\nhilft ihnen.<br \/>\nDie GB* arbeitet mit den Wiener Stadtg\u00e4rten (Abk\u00fcrzung: MA 42),<br \/>\nder Sta\u00dfen-Verwaltung (Abk\u00fcrzung: MA 28)<br \/>\nund den Bezirken zusammen.<\/p>\n<p><a href=\"https:\/\/www.gbstern.at\/news\/in-5-schritten-zur-begruenten-baumscheibe\/\" target=\"_blank\" rel=\"noopener noreferrer\"><strong>Infovideo der GB*: in 5 Schritten zur begr\u00fcnten Baumscheibe<\/strong><\/a><\/p>\n<ul>\n<li><a href=\"https:\/\/www.gbstern.at\/themen-projekte\/urbanes-garteln\/garteln-ums-eck\/\">Website von &#8220;Garteln ums Eck&#8221;<\/a><\/li>\n<li><a href=\"https:\/\/www.gbstern.at\/teams-kontakt\/\">Kontakt zur GB*<\/a><\/li>\n<\/ul>\n\n\t\t<style type=\"text\/css\">\n\t\t\t#gallery-1 {\n\t\t\t\tmargin: auto;\n\t\t\t}\n\t\t\t#gallery-1 .gallery-item {\n\t\t\t\tfloat: left;\n\t\t\t\tmargin-top: 10px;\n\t\t\t\ttext-align: center;\n\t\t\t\twidth: 33%;\n\t\t\t}\n\t\t\t#gallery-1 img {\n\t\t\t\tborder: 2px solid #cfcfcf;\n\t\t\t}\n\t\t\t#gallery-1 .gallery-caption {\n\t\t\t\tmargin-left: 0;\n\t\t\t}\n\t\t\t\/* see gallery_shortcode() in wp-includes\/media.php *\/\n\t\t<\/style>\n\t\t<div id='gallery-1' class='gallery galleryid-2583 gallery-columns-3 gallery-size-thumbnail'><dl class='gallery-item'>\n\t\t\t<dt class='gallery-icon landscape'>\n\t\t\t\t<a href='https:\/\/www.garteln-in-wien.at\/plain_d\/nina-chladek-danklmaier-von-der-gb220-beim-ausstecken-einer-freien-baumscheiben-die-eineeine-betreuerin-sucht-ma-25-2\/'><img loading=\"lazy\" decoding=\"async\" width=\"150\" height=\"150\" src=\"https:\/\/www.garteln-in-wien.at\/wp-content\/uploads\/2016\/07\/Nina-Chladek-Danklmaier-von-der-GB220-beim-Ausstecken-einer-freien-Baumscheiben-die-eineeine-BetreuerIn-sucht.-\u00a9-MA-25-150x150.jpg\" class=\"attachment-thumbnail size-thumbnail\" alt=\"\" aria-describedby=\"gallery-1-3158\" \/><\/a>\n\t\t\t<\/dt>\n\t\t\t\t<dd class='wp-caption-text gallery-caption' id='gallery-1-3158'>\n\t\t\t\tAm Bild sehen Sie Nina Chladek-Danklmaier. Sie arbeitet bei der GB*. Am Bild markiert Sie eine freie Baumscheibe. So sehen Interessierte, dass sie hier g\u00e4rtnern k\u00f6nnen.\u00a9 MA 25\n\t\t\t\t<\/dd><\/dl><dl class='gallery-item'>\n\t\t\t<dt class='gallery-icon landscape'>\n\t\t\t\t<a href='https:\/\/www.garteln-in-wien.at\/plain_d\/garteln-ums-eck\/baumscheibe-ma-25\/'><img loading=\"lazy\" decoding=\"async\" width=\"150\" height=\"150\" src=\"https:\/\/www.garteln-in-wien.at\/wp-content\/uploads\/2016\/07\/Baumscheibe-\u00a9-MA-25-150x150.jpg\" class=\"attachment-thumbnail size-thumbnail\" alt=\"\" aria-describedby=\"gallery-1-2584\" \/><\/a>\n\t\t\t<\/dt>\n\t\t\t\t<dd class='wp-caption-text gallery-caption' id='gallery-1-2584'>\n\t\t\t\tAm Bild sehen Sie eine bepflanzte Baum-Scheibe. \u00a9 MA 25\n\t\t\t\t<\/dd><\/dl>\n\t\t\t<br style='clear: both' \/>\n\t\t<\/div>\n\n<p>&nbsp;<\/p>\n\n\t\t<style type=\"text\/css\">\n\t\t\t#gallery-2 {\n\t\t\t\tmargin: auto;\n\t\t\t}\n\t\t\t#gallery-2 .gallery-item {\n\t\t\t\tfloat: left;\n\t\t\t\tmargin-top: 10px;\n\t\t\t\ttext-align: center;\n\t\t\t\twidth: 33%;\n\t\t\t}\n\t\t\t#gallery-2 img {\n\t\t\t\tborder: 2px solid #cfcfcf;\n\t\t\t}\n\t\t\t#gallery-2 .gallery-caption {\n\t\t\t\tmargin-left: 0;\n\t\t\t}\n\t\t\t\/* see gallery_shortcode() in wp-includes\/media.php *\/\n\t\t<\/style>\n\t\t<div id='gallery-2' class='gallery galleryid-2583 gallery-columns-3 gallery-size-thumbnail'><dl class='gallery-item'>\n\t\t\t<dt class='gallery-icon landscape'>\n\t\t\t\t<a href='https:\/\/www.garteln-in-wien.at\/plain_d\/nina-chladek-danklmaier-von-der-gb220-beim-ausstecken-einer-freien-baumscheiben-die-eineeine-betreuerin-sucht-ma-25-2\/'><img loading=\"lazy\" decoding=\"async\" width=\"150\" height=\"150\" src=\"https:\/\/www.garteln-in-wien.at\/wp-content\/uploads\/2016\/07\/Nina-Chladek-Danklmaier-von-der-GB220-beim-Ausstecken-einer-freien-Baumscheiben-die-eineeine-BetreuerIn-sucht.-\u00a9-MA-25-150x150.jpg\" class=\"attachment-thumbnail size-thumbnail\" alt=\"\" aria-describedby=\"gallery-2-3158\" \/><\/a>\n\t\t\t<\/dt>\n\t\t\t\t<dd class='wp-caption-text gallery-caption' id='gallery-2-3158'>\n\t\t\t\tAm Bild sehen Sie Nina Chladek-Danklmaier. Sie arbeitet bei der GB*. Am Bild markiert Sie eine freie Baumscheibe. So sehen Interessierte, dass sie hier g\u00e4rtnern k\u00f6nnen.\u00a9 MA 25\n\t\t\t\t<\/dd><\/dl><dl class='gallery-item'>\n\t\t\t<dt class='gallery-icon landscape'>\n\t\t\t\t<a href='https:\/\/www.garteln-in-wien.at\/plain_d\/garteln-ums-eck\/baumscheibe-ma-25\/'><img loading=\"lazy\" decoding=\"async\" width=\"150\" height=\"150\" src=\"https:\/\/www.garteln-in-wien.at\/wp-content\/uploads\/2016\/07\/Baumscheibe-\u00a9-MA-25-150x150.jpg\" class=\"attachment-thumbnail size-thumbnail\" alt=\"\" aria-describedby=\"gallery-2-2584\" \/><\/a>\n\t\t\t<\/dt>\n\t\t\t\t<dd class='wp-caption-text gallery-caption' id='gallery-2-2584'>\n\t\t\t\tAm Bild sehen Sie eine bepflanzte Baum-Scheibe. \u00a9 MA 25\n\t\t\t\t<\/dd><\/dl>\n\t\t\t<br style='clear: both' \/>\n\t\t<\/div>\n\n<p>F\u00fcr den Inhalte von anderen Webseiten sind wir nicht verantwortlich.<br \/>\nWir sind rechtlich nicht f\u00fcr den Inhalt und die Aussagen von anderen Webseiten verantwortlich.<\/p>\n","protected":false},"excerpt":{"rendered":"<p>Bei \u201eGarteln ums Eck\u201c versch\u00f6nern Sie ihren Stadt-Teil. Sie bepflanzen eine Baum-Scheibe oder ein freies St\u00fcck Land. Das St\u00fcck Land<\/p>\n","protected":false},"author":3,"featured_media":2584,"parent":0,"menu_order":0,"comment_status":"closed","ping_status":"closed","template":"","meta":{"footnotes":""},"class_list":["post-2583","page","type-page","status-publish","has-post-thumbnail","hentry"],"_links":{"self":[{"href":"https:\/\/www.garteln-in-wien.at\/plain_d\/wp-json\/wp\/v2\/pages\/2583","targetHints":{"allow":["GET"]}}],"collection":[{"href":"https:\/\/www.garteln-in-wien.at\/plain_d\/wp-json\/wp\/v2\/pages"}],"about":[{"href":"https:\/\/www.garteln-in-wien.at\/plain_d\/wp-json\/wp\/v2\/types\/page"}],"author":[{"embeddable":true,"href":"https:\/\/www.garteln-in-wien.at\/plain_d\/wp-json\/wp\/v2\/users\/3"}],"replies":[{"embeddable":true,"href":"https:\/\/www.garteln-in-wien.at\/plain_d\/wp-json\/wp\/v2\/comments?post=2583"}],"version-history":[{"count":5,"href":"https:\/\/www.garteln-in-wien.at\/plain_d\/wp-json\/wp\/v2\/pages\/2583\/revisions"}],"predecessor-version":[{"id":4914,"href":"https:\/\/www.garteln-in-wien.at\/plain_d\/wp-json\/wp\/v2\/pages\/2583\/revisions\/4914"}],"wp:featuredmedia":[{"embeddable":true,"href":"https:\/\/www.garteln-in-wien.at\/plain_d\/wp-json\/wp\/v2\/media\/2584"}],"wp:attachment":[{"href":"https:\/\/www.garteln-in-wien.at\/plain_d\/wp-json\/wp\/v2\/media?parent=2583"}],"curies":[{"name":"wp","href":"https:\/\/api.w.org\/{rel}","templated":true}]}}