{"id":2599,"date":"2016-07-04T16:49:48","date_gmt":"2016-07-04T14:49:48","guid":{"rendered":"https:\/\/www.garteln-in-wien.at\/gebietsbetreuungen\/"},"modified":"2024-05-16T12:34:24","modified_gmt":"2024-05-16T10:34:24","slug":"gebietsbetreuungen","status":"publish","type":"page","link":"https:\/\/www.garteln-in-wien.at\/plain_d\/gebietsbetreuungen\/","title":{"rendered":"Gebietsbetreuungen Stadterneuerung (kurz GB*)"},"content":{"rendered":"<p>Seit den 70er Jahren werden Stadt-Teile in Wien renoviert.<br \/>\nDieses Projekt hei\u00dft: \u201eSanfte Stadterneuerung\u201c.<br \/>\nDie Bev\u00f6lkerung wird befragt und darf mitsprechen.<br \/>\nEs soll Wohnungen geben, die sich die Menschen leisten k\u00f6nnen.<br \/>\nDie Lebens-Qualit\u00e4t und die Qualit\u00e4t der Wohnungen sollen besser werden.<br \/>\nDie <a href=\"https:\/\/www.gbstern.at\/was-wir-tun\/ueberblick\/\">GB*<\/a> ist Partner von der \u201eSanften Stadterneuerung\u201c.<br \/>\nDie GB* gibt es 5 mal in Wien.<\/p>\n<p>Das macht die GB*:<\/p>\n<ul>\n<li>Beratung und Informationen,<br \/>\nwenn Sie ihre Wohn-Umgebung gestalten m\u00f6chten.<\/li>\n<li>Beantwortet Fragen zum Wohnen und<br \/>\nZusammenleben in ihrem Stadt-Teil.<br \/>\nIn Wien sagen wir zu Stadt-Teil auch Gr\u00e4tzel.<\/li>\n<li>Projekt \u201eGr\u00fcnes Gr\u00e4tzel\u201c<\/li>\n<\/ul>\n<h3><u>Gr\u00fcnes Gr\u00e4tzel<\/u><\/h3>\n<p>Gr\u00e4tzel ist ein anderes Wort f\u00fcr Stadt-Teil.<br \/>\nGr\u00fcne Fl\u00e4chen in der Stadt machen das Leben besser.<br \/>\nSie sind f\u00fcr viele \u00f6kologische Funktionen wichtig.<br \/>\nZum Beispiel helfen Sie gegen die Hitze im Sommer.<\/p>\n<p>Sie k\u00f6nnen sich bei der GB* melden, wenn Sie mehr Gr\u00fcn<br \/>\nin ihrem Gr\u00e4tzel haben wollen.<\/p>\n<p>Dort bekommen Sie Hilfe.<br \/>\nZum Beispiel k\u00f6nnen Sie eine Baum-Scheibe oder<br \/>\nein freies St\u00fcck Land bepflanzen.<\/p>\n<h3>Webseiten:<\/h3>\n<p><a href=\"http:\/\/www.gbstern.at\/garteln\" target=\"_blank\" rel=\"noopener noreferrer\">http:\/\/www.gbstern.at\/garteln<\/a> &#8211; Alles zum Thema GB* und urbanes Garteln<br \/>\n<a href=\"https:\/\/www.gbstern.at\/themen-projekte\/#stadtnatur-erleben\" target=\"_blank\" rel=\"noopener noreferrer\">www.gbstern.at\/themen-projekte\/#stadtnatur-erleben<\/a> \u00a0&#8211; Neuigkeiten und Aktivit\u00e4ten<br \/>\n<a href=\"https:\/\/www.gbstern.at\/themen-projekte\/projektkarte\/#nachbarschaftsgaerten\" target=\"_blank\" rel=\"noopener noreferrer\">www.gbstern.at\/themen-projekte\/projektkarte\/#nachbarschaftsgaerten<\/a>&#8211; Karte mit allen Gartenprojekten, die die GB* unterst\u00fctzt<\/p>\n\n\t\t<style type=\"text\/css\">\n\t\t\t#gallery-1 {\n\t\t\t\tmargin: auto;\n\t\t\t}\n\t\t\t#gallery-1 .gallery-item {\n\t\t\t\tfloat: left;\n\t\t\t\tmargin-top: 10px;\n\t\t\t\ttext-align: center;\n\t\t\t\twidth: 33%;\n\t\t\t}\n\t\t\t#gallery-1 img {\n\t\t\t\tborder: 2px solid #cfcfcf;\n\t\t\t}\n\t\t\t#gallery-1 .gallery-caption {\n\t\t\t\tmargin-left: 0;\n\t\t\t}\n\t\t\t\/* see gallery_shortcode() in wp-includes\/media.php *\/\n\t\t<\/style>\n\t\t<div id='gallery-1' class='gallery galleryid-2599 gallery-columns-3 gallery-size-thumbnail'><dl class='gallery-item'>\n\t\t\t<dt class='gallery-icon landscape'>\n\t\t\t\t<a href='https:\/\/www.garteln-in-wien.at\/plain_d\/nachbarschaftsgarten-loewenzahn-im-20-bezirk-2-b2c-media-2\/'><img loading=\"lazy\" decoding=\"async\" width=\"150\" height=\"150\" src=\"https:\/\/www.garteln-in-wien.at\/wp-content\/uploads\/2016\/07\/Nachbarschaftsgarten-L\u00f6wenzahn-im-20.-Bezirk-2-\u00a9-b2c-media-150x150.jpg\" class=\"attachment-thumbnail size-thumbnail\" alt=\"\" aria-describedby=\"gallery-1-3156\" \/><\/a>\n\t\t\t<\/dt>\n\t\t\t\t<dd class='wp-caption-text gallery-caption' id='gallery-1-3156'>\n\t\t\t\tAm Bild sehen Sie den Gemeinschafts-Garten L\u00f6wenzahn im 20. Bezirk. \u00a9 B2\/20\n\t\t\t\t<\/dd><\/dl><dl class='gallery-item'>\n\t\t\t<dt class='gallery-icon landscape'>\n\t\t\t\t<a href='https:\/\/www.garteln-in-wien.at\/plain_d\/temporaeres-gartenlabor-im-sonnwendviertel-2-b2c-media\/'><img loading=\"lazy\" decoding=\"async\" width=\"150\" height=\"150\" src=\"https:\/\/www.garteln-in-wien.at\/wp-content\/uploads\/2016\/07\/Tempor\u00e4res-Gartenlabor-im-Sonnwendviertel-2-\u00a9-b2c-media-150x150.jpg\" class=\"attachment-thumbnail size-thumbnail\" alt=\"\" aria-describedby=\"gallery-1-2604\" \/><\/a>\n\t\t\t<\/dt>\n\t\t\t\t<dd class='wp-caption-text gallery-caption' id='gallery-1-2604'>\n\t\t\t\tAm Bild sehen Sie Menschen die im Gemeinschafts-Garten Max Winter Platz arbeiten. Er ist im 2. Bezirk. \u00a9 B2\/20\n\t\t\t\t<\/dd><\/dl><dl class='gallery-item'>\n\t\t\t<dt class='gallery-icon landscape'>\n\t\t\t\t<a href='https:\/\/www.garteln-in-wien.at\/plain_d\/nachbarschaftsgarten-loewenzahn-im-20-bezirk-b2c-media-2\/'><img loading=\"lazy\" decoding=\"async\" width=\"150\" height=\"150\" src=\"https:\/\/www.garteln-in-wien.at\/wp-content\/uploads\/2016\/07\/Nachbarschaftsgarten-L\u00f6wenzahn-im-20.-Bezirk-\u00a9-b2c-media-150x150.jpg\" class=\"attachment-thumbnail size-thumbnail\" alt=\"\" aria-describedby=\"gallery-1-3155\" \/><\/a>\n\t\t\t<\/dt>\n\t\t\t\t<dd class='wp-caption-text gallery-caption' id='gallery-1-3155'>\n\t\t\t\tim 2. Bezirk.\nAm Bild sehen Sie den Gemeinschafts-Garten L\u00f6wenzahn im 20. Bezirk. \u00a9 b2c media\n\t\t\t\t<\/dd><\/dl><br style=\"clear: both\" \/><dl class='gallery-item'>\n\t\t\t<dt class='gallery-icon landscape'>\n\t\t\t\t<a href='https:\/\/www.garteln-in-wien.at\/plain_d\/nachbarschaftsgarten-vor-dem-gb-graetzelzentrum-am-max-winter-platz-1020-wien-b220-2\/'><img loading=\"lazy\" decoding=\"async\" width=\"150\" height=\"150\" src=\"https:\/\/www.garteln-in-wien.at\/wp-content\/uploads\/2016\/07\/Nachbarschaftsgarten-vor-dem-GB-Gr\u00e4tzelzentrum-am-Max-Winter-Platz-1020-Wien-\u00a9-B220-150x150.jpg\" class=\"attachment-thumbnail size-thumbnail\" alt=\"\" aria-describedby=\"gallery-1-3154\" \/><\/a>\n\t\t\t<\/dt>\n\t\t\t\t<dd class='wp-caption-text gallery-caption' id='gallery-1-3154'>\n\t\t\t\tAm Bild sehen sie den Gemeinschafts-Garten Max Winter Platz im 2. Bezirk. Er liegt vor dem GB*Gr\u00e4tzelzentrum. \u00a9 B2\/20\n\t\t\t\t<\/dd><\/dl><dl class='gallery-item'>\n\t\t\t<dt class='gallery-icon landscape'>\n\t\t\t\t<a href='https:\/\/www.garteln-in-wien.at\/plain_d\/temporaeres-gartenlabor-im-sonnwendviertel-b2c-media-2\/'><img loading=\"lazy\" decoding=\"async\" width=\"150\" height=\"150\" src=\"https:\/\/www.garteln-in-wien.at\/wp-content\/uploads\/2016\/07\/Tempor\u00e4res-Gartenlabor-im-Sonnwendviertel-\u00a9-b2c-media-150x150.jpg\" class=\"attachment-thumbnail size-thumbnail\" alt=\"\" aria-describedby=\"gallery-1-3159\" \/><\/a>\n\t\t\t<\/dt>\n\t\t\t\t<dd class='wp-caption-text gallery-caption' id='gallery-1-3159'>\n\t\t\t\tAm Bild sehen Sie ein Garten-Labor im Sonnenviertel.\u00a9 b2c media\n\t\t\t\t<\/dd><\/dl><dl class='gallery-item'>\n\t\t\t<dt class='gallery-icon landscape'>\n\t\t\t\t<a href='https:\/\/www.garteln-in-wien.at\/plain_d\/nina-chladek-danklmaier-von-der-gb220-beim-ausstecken-einer-freien-baumscheiben-die-eineeine-betreuerin-sucht-ma-25-2\/'><img loading=\"lazy\" decoding=\"async\" width=\"150\" height=\"150\" src=\"https:\/\/www.garteln-in-wien.at\/wp-content\/uploads\/2016\/07\/Nina-Chladek-Danklmaier-von-der-GB220-beim-Ausstecken-einer-freien-Baumscheiben-die-eineeine-BetreuerIn-sucht.-\u00a9-MA-25-150x150.jpg\" class=\"attachment-thumbnail size-thumbnail\" alt=\"\" aria-describedby=\"gallery-1-3158\" \/><\/a>\n\t\t\t<\/dt>\n\t\t\t\t<dd class='wp-caption-text gallery-caption' id='gallery-1-3158'>\n\t\t\t\tAm Bild sehen Sie Nina Chladek-Danklmaier. Sie arbeitet bei der GB*. Am Bild markiert Sie eine freie Baumscheibe. So sehen Interessierte, dass sie hier g\u00e4rtnern k\u00f6nnen.\u00a9 MA 25\n\t\t\t\t<\/dd><\/dl><br style=\"clear: both\" \/><dl class='gallery-item'>\n\t\t\t<dt class='gallery-icon landscape'>\n\t\t\t\t<a href='https:\/\/www.garteln-in-wien.at\/plain_d\/garteln-ums-eck\/baumscheibe-ma-25\/'><img loading=\"lazy\" decoding=\"async\" width=\"150\" height=\"150\" src=\"https:\/\/www.garteln-in-wien.at\/wp-content\/uploads\/2016\/07\/Baumscheibe-\u00a9-MA-25-150x150.jpg\" class=\"attachment-thumbnail size-thumbnail\" alt=\"\" aria-describedby=\"gallery-1-2584\" \/><\/a>\n\t\t\t<\/dt>\n\t\t\t\t<dd class='wp-caption-text gallery-caption' id='gallery-1-2584'>\n\t\t\t\tAm Bild sehen Sie eine bepflanzte Baum-Scheibe. \u00a9 MA 25\n\t\t\t\t<\/dd><\/dl><dl class='gallery-item'>\n\t\t\t<dt class='gallery-icon portrait'>\n\t\t\t\t<a href='https:\/\/www.garteln-in-wien.at\/plain_d\/beispiel-fuer-kreative-pflanzgefaessgestaltung-b2c-media-2\/'><img loading=\"lazy\" decoding=\"async\" width=\"150\" height=\"150\" src=\"https:\/\/www.garteln-in-wien.at\/wp-content\/uploads\/2016\/07\/Beispiel-f\u00fcr-kreative-Pflanzgef\u00e4\u00dfgestaltung-\u00a9-b2c-media-150x150.jpg\" class=\"attachment-thumbnail size-thumbnail\" alt=\"\" aria-describedby=\"gallery-1-3157\" \/><\/a>\n\t\t\t<\/dt>\n\t\t\t\t<dd class='wp-caption-text gallery-caption' id='gallery-1-3157'>\n\t\t\t\tAm Bild sehen Sie ein selbstgebautes Pflanzen-Gef\u00e4\u00df. \u00a9 b2c media\n\t\t\t\t<\/dd><\/dl>\n\t\t\t<br style='clear: both' \/>\n\t\t<\/div>\n\n<p>&nbsp;<\/p>\n","protected":false},"excerpt":{"rendered":"<p>Seit den 70er Jahren werden Stadt-Teile in Wien renoviert. Dieses Projekt hei\u00dft: \u201eSanfte Stadterneuerung\u201c. Die Bev\u00f6lkerung wird befragt und darf<\/p>\n","protected":false},"author":3,"featured_media":2600,"parent":0,"menu_order":0,"comment_status":"closed","ping_status":"closed","template":"","meta":{"footnotes":""},"class_list":["post-2599","page","type-page","status-publish","has-post-thumbnail","hentry"],"_links":{"self":[{"href":"https:\/\/www.garteln-in-wien.at\/plain_d\/wp-json\/wp\/v2\/pages\/2599","targetHints":{"allow":["GET"]}}],"collection":[{"href":"https:\/\/www.garteln-in-wien.at\/plain_d\/wp-json\/wp\/v2\/pages"}],"about":[{"href":"https:\/\/www.garteln-in-wien.at\/plain_d\/wp-json\/wp\/v2\/types\/page"}],"author":[{"embeddable":true,"href":"https:\/\/www.garteln-in-wien.at\/plain_d\/wp-json\/wp\/v2\/users\/3"}],"replies":[{"embeddable":true,"href":"https:\/\/www.garteln-in-wien.at\/plain_d\/wp-json\/wp\/v2\/comments?post=2599"}],"version-history":[{"count":6,"href":"https:\/\/www.garteln-in-wien.at\/plain_d\/wp-json\/wp\/v2\/pages\/2599\/revisions"}],"predecessor-version":[{"id":4924,"href":"https:\/\/www.garteln-in-wien.at\/plain_d\/wp-json\/wp\/v2\/pages\/2599\/revisions\/4924"}],"wp:featuredmedia":[{"embeddable":true,"href":"https:\/\/www.garteln-in-wien.at\/plain_d\/wp-json\/wp\/v2\/media\/2600"}],"wp:attachment":[{"href":"https:\/\/www.garteln-in-wien.at\/plain_d\/wp-json\/wp\/v2\/media?parent=2599"}],"curies":[{"name":"wp","href":"https:\/\/api.w.org\/{rel}","templated":true}]}}