{"id":2613,"date":"2018-02-14T10:44:42","date_gmt":"2018-02-14T09:44:42","guid":{"rendered":"https:\/\/www.garteln-in-wien.at\/gruenstattgrau\/"},"modified":"2020-11-05T11:57:24","modified_gmt":"2020-11-05T10:57:24","slug":"gruenstattgrau","status":"publish","type":"page","link":"https:\/\/www.garteln-in-wien.at\/plain_d\/gruenstattgrau\/","title":{"rendered":"Gr\u00fcnStattGrau Forschungs- und Innovations- GmbH"},"content":{"rendered":"<p>Gr\u00fcnStattGrau Forschungs- und Innovations- GmbH<br \/>\narbeitet mit der Begr\u00fcnung von Geb\u00e4uden.<br \/>\nWir sagen auch Bauwerks-Begr\u00fcnung.<br \/>\nDazu geh\u00f6ren:<br \/>\nBegr\u00fcnung im Haus,<br \/>\nDach-Begr\u00fcnung und Fassaden-Begr\u00fcnung.<\/p>\n<p>Gr\u00fcnStattGrau hat Labor-Charakter,<br \/>\ndas bedeutet es wird experimentiert und Neues ausprobiert.<\/p>\n<p>Das macht Gr\u00fcnStattGrau:<\/p>\n<ul>\n<li>Menschen zusammenbringen,<br \/>\ndie Ideen f\u00fcr die Begr\u00fcnung von Geb\u00e4uden haben.<\/li>\n<li>Beratung, Begleitung und Hilfe bei Ideen<br \/>\nbei Begr\u00fcnung von Geb\u00e4uden.<\/li>\n<\/ul>\n<p>Gemeinsam mit Partnerinnen und Partnern aus Wirtschaft,<br \/>\nWissenschaft und Verwaltung.<\/p>\n<ul>\n<li>Expertinnen-Wissen und Experten-Wissen<br \/>\nzum Thema Bauwerks-Begr\u00fcnung.<\/li>\n<li>Instrumente<\/li>\n<li>Zusammenarbeit mit Wissenschaft und Entwicklung<\/li>\n<li>Service-Angebote<\/li>\n<li>Infra-Struktur:<br \/>\nZum Beispiel eine Online-Plattform im Internet.<\/li>\n<li>Mitbestimmung<\/li>\n<li>Sichtbarkeit f\u00fcr Partnerinnen und Partner<\/li>\n<li>Kontakte zu vielen Unterst\u00fctzerinnen und Unterst\u00fctzern<\/li>\n<li>Gr\u00fcnStattGrau arbeitet mit der Bauwerks-Begr\u00fcnung<br \/>\ngegen den Klima-Wandel.<\/li>\n<\/ul>\n<h3>Gr\u00fcnStattGrau Forschungs- und Innovations-GmbH<\/h3>\n<ul>\n<li><strong>Adresse<\/strong>: Favoritenstra\u00dfe 50, 1040 Wien<\/li>\n<li><strong>Kontakt<\/strong>:\n<ul>\n<li><strong>E-Mail: <\/strong><a href=\"&#x6d;&#x61;&#105;lt&#x6f;&#x3a;&#111;&#102;f&#x69;&#x63;&#101;&#64;g&#x72;&#x75;&#x65;&#110;st&#x61;&#x74;&#116;&#103;r&#x61;&#x75;&#46;&#97;t\" target=\"_blank\" rel=\"noopener noreferrer\">&#x6f;&#x66;&#x66;&#x69;&#x63;&#x65;&#x40;&#x67;&#x72;&#x75;&#x65;&#x6e;&#x73;&#x74;&#x61;&#x74;&#x74;&#x67;&#x72;&#x61;&#x75;&#x2e;&#x61;&#x74;<\/a><\/li>\n<li><strong>Webseite: <\/strong> <a href=\"https:\/\/gruenstattgrau.at\/\" target=\"_blank\" rel=\"noopener noreferrer\">gruenstattgrau.at<\/a><\/li>\n<li><strong>Telefon:<\/strong> 0650 634 9 6 3 1<\/li>\n<\/ul>\n<\/li>\n<\/ul>\n\n\t\t<style type=\"text\/css\">\n\t\t\t#gallery-1 {\n\t\t\t\tmargin: auto;\n\t\t\t}\n\t\t\t#gallery-1 .gallery-item {\n\t\t\t\tfloat: left;\n\t\t\t\tmargin-top: 10px;\n\t\t\t\ttext-align: center;\n\t\t\t\twidth: 33%;\n\t\t\t}\n\t\t\t#gallery-1 img {\n\t\t\t\tborder: 2px solid #cfcfcf;\n\t\t\t}\n\t\t\t#gallery-1 .gallery-caption {\n\t\t\t\tmargin-left: 0;\n\t\t\t}\n\t\t\t\/* see gallery_shortcode() in wp-includes\/media.php *\/\n\t\t<\/style>\n\t\t<div id='gallery-1' class='gallery galleryid-2613 gallery-columns-3 gallery-size-thumbnail'><dl class='gallery-item'>\n\t\t\t<dt class='gallery-icon landscape'>\n\t\t\t\t<a href='https:\/\/www.garteln-in-wien.at\/plain_d\/gruenstattgrau\/london_enzi_gedge\/'><img loading=\"lazy\" decoding=\"async\" width=\"150\" height=\"150\" src=\"https:\/\/www.garteln-in-wien.at\/wp-content\/uploads\/2018\/02\/London_Enzi_Gedge-150x150.jpg\" class=\"attachment-thumbnail size-thumbnail\" alt=\"\" aria-describedby=\"gallery-1-2759\" \/><\/a>\n\t\t\t<\/dt>\n\t\t\t\t<dd class='wp-caption-text gallery-caption' id='gallery-1-2759'>\n\t\t\t\tAm Bild sehen Sie ein bepflanztes Dach in London. \u00a9 Gr\u00fcnStattGrau\n\t\t\t\t<\/dd><\/dl><dl class='gallery-item'>\n\t\t\t<dt class='gallery-icon landscape'>\n\t\t\t\t<a href='https:\/\/www.garteln-in-wien.at\/plain_d\/gruenstattgrau\/20170609_115545\/'><img loading=\"lazy\" decoding=\"async\" width=\"150\" height=\"150\" src=\"https:\/\/www.garteln-in-wien.at\/wp-content\/uploads\/2018\/02\/20170609_115545-150x150.jpg\" class=\"attachment-thumbnail size-thumbnail\" alt=\"\" aria-describedby=\"gallery-1-2758\" \/><\/a>\n\t\t\t<\/dt>\n\t\t\t\t<dd class='wp-caption-text gallery-caption' id='gallery-1-2758'>\n\t\t\t\tAm Bild sehen Sie Pflanzen und Bienen-St\u00f6cke auf einem Dach im 14. Bezirk. \u00a9 Gr\u00fcnStattGrau\n\t\t\t\t<\/dd><\/dl><dl class='gallery-item'>\n\t\t\t<dt class='gallery-icon landscape'>\n\t\t\t\t<a href='https:\/\/www.garteln-in-wien.at\/plain_d\/gruenstattgrau\/img_3618\/'><img loading=\"lazy\" decoding=\"async\" width=\"150\" height=\"150\" src=\"https:\/\/www.garteln-in-wien.at\/wp-content\/uploads\/2018\/02\/IMG_3618-150x150.jpg\" class=\"attachment-thumbnail size-thumbnail\" alt=\"\" aria-describedby=\"gallery-1-2614\" \/><\/a>\n\t\t\t<\/dt>\n\t\t\t\t<dd class='wp-caption-text gallery-caption' id='gallery-1-2614'>\n\t\t\t\tAm Bild sehen Sie einen Urban-Garden auf einem Dach im 22. Bezirk.  \u00a9 Gr\u00fcnStattGrau\n\t\t\t\t<\/dd><\/dl><br style=\"clear: both\" \/><dl class='gallery-item'>\n\t\t\t<dt class='gallery-icon portrait'>\n\t\t\t\t<a href='https:\/\/www.garteln-in-wien.at\/plain_d\/gruenstattgrau\/fricke_einsiedlergasse_10500367_660533264039401_126150629621900735_n\/'><img loading=\"lazy\" decoding=\"async\" width=\"150\" height=\"150\" src=\"https:\/\/www.garteln-in-wien.at\/wp-content\/uploads\/2018\/02\/Fricke_Einsiedlergasse_10500367_660533264039401_126150629621900735_n-150x150.jpg\" class=\"attachment-thumbnail size-thumbnail\" alt=\"\" aria-describedby=\"gallery-1-2764\" \/><\/a>\n\t\t\t<\/dt>\n\t\t\t\t<dd class='wp-caption-text gallery-caption' id='gallery-1-2764'>\n\t\t\t\tAm Bild sehen Sie eine Geb\u00e4ude-Begr\u00fcnung. Sie verbessert das Klima in der Stadt. \u00a9 Fricke\n\t\t\t\t<\/dd><\/dl><dl class='gallery-item'>\n\t\t\t<dt class='gallery-icon landscape'>\n\t\t\t\t<a href='https:\/\/www.garteln-in-wien.at\/plain_d\/gruenstattgrau\/ma22-um-12-37-27\/'><img loading=\"lazy\" decoding=\"async\" width=\"150\" height=\"150\" src=\"https:\/\/www.garteln-in-wien.at\/wp-content\/uploads\/2018\/02\/MA22-um-12.37.27-150x150.png\" class=\"attachment-thumbnail size-thumbnail\" alt=\"\" aria-describedby=\"gallery-1-2765\" \/><\/a>\n\t\t\t<\/dt>\n\t\t\t\t<dd class='wp-caption-text gallery-caption' id='gallery-1-2765'>\n\t\t\t\tAm Bild sehen Sie ein Rank-Ger\u00fcst mit Kletter-Pflanzen an einem Haus. \u00a9 MA22\n\t\t\t\t<\/dd><\/dl><dl class='gallery-item'>\n\t\t\t<dt class='gallery-icon portrait'>\n\t\t\t\t<a href='https:\/\/www.garteln-in-wien.at\/plain_d\/gruenstattgrau\/10376843_656435337782527_8977867970288918509_n\/'><img loading=\"lazy\" decoding=\"async\" width=\"150\" height=\"150\" src=\"https:\/\/www.garteln-in-wien.at\/wp-content\/uploads\/2018\/02\/10376843_656435337782527_8977867970288918509_n-150x150.jpg\" class=\"attachment-thumbnail size-thumbnail\" alt=\"\" aria-describedby=\"gallery-1-2766\" \/><\/a>\n\t\t\t<\/dt>\n\t\t\t\t<dd class='wp-caption-text gallery-caption' id='gallery-1-2766'>\n\t\t\t\tAm Bild sehen Sie eine Garten auf einem Dach. \u00a9Gr\u00fcnStattGrau\n\t\t\t\t<\/dd><\/dl><br style=\"clear: both\" \/>\n\t\t<\/div>\n\n<p>Gr\u00fcnStattGrau geh\u00f6rt dem gemeinn\u00fctzigen Verband f\u00fcr Bauwerksbegr\u00fcnung \u00d6sterreich.<\/p>\n","protected":false},"excerpt":{"rendered":"<p>Gr\u00fcnStattGrau Forschungs- und Innovations- GmbH arbeitet mit der Begr\u00fcnung von Geb\u00e4uden. Wir sagen auch Bauwerks-Begr\u00fcnung. Dazu geh\u00f6ren: Begr\u00fcnung im Haus,<\/p>\n","protected":false},"author":3,"featured_media":2615,"parent":0,"menu_order":0,"comment_status":"closed","ping_status":"closed","template":"","meta":{"footnotes":""},"class_list":["post-2613","page","type-page","status-publish","has-post-thumbnail","hentry"],"_links":{"self":[{"href":"https:\/\/www.garteln-in-wien.at\/plain_d\/wp-json\/wp\/v2\/pages\/2613","targetHints":{"allow":["GET"]}}],"collection":[{"href":"https:\/\/www.garteln-in-wien.at\/plain_d\/wp-json\/wp\/v2\/pages"}],"about":[{"href":"https:\/\/www.garteln-in-wien.at\/plain_d\/wp-json\/wp\/v2\/types\/page"}],"author":[{"embeddable":true,"href":"https:\/\/www.garteln-in-wien.at\/plain_d\/wp-json\/wp\/v2\/users\/3"}],"replies":[{"embeddable":true,"href":"https:\/\/www.garteln-in-wien.at\/plain_d\/wp-json\/wp\/v2\/comments?post=2613"}],"version-history":[{"count":3,"href":"https:\/\/www.garteln-in-wien.at\/plain_d\/wp-json\/wp\/v2\/pages\/2613\/revisions"}],"predecessor-version":[{"id":3336,"href":"https:\/\/www.garteln-in-wien.at\/plain_d\/wp-json\/wp\/v2\/pages\/2613\/revisions\/3336"}],"wp:featuredmedia":[{"embeddable":true,"href":"https:\/\/www.garteln-in-wien.at\/plain_d\/wp-json\/wp\/v2\/media\/2615"}],"wp:attachment":[{"href":"https:\/\/www.garteln-in-wien.at\/plain_d\/wp-json\/wp\/v2\/media?parent=2613"}],"curies":[{"name":"wp","href":"https:\/\/api.w.org\/{rel}","templated":true}]}}