{"id":4299,"date":"2024-03-21T12:51:08","date_gmt":"2024-03-21T11:51:08","guid":{"rendered":"https:\/\/www.garteln-in-wien.at\/?page_id=4299"},"modified":"2025-01-08T09:51:50","modified_gmt":"2025-01-08T08:51:50","slug":"gemuese-pachtparzellen","status":"publish","type":"page","link":"https:\/\/www.garteln-in-wien.at\/plain_d\/gemuese-pachtparzellen\/","title":{"rendered":"Gem\u00fcse-Pachtparzellen"},"content":{"rendered":"<p><strong>So funktioniert eine Gem\u00fcse-Pachtparzelle:<\/strong><\/p>\n<p>Eine Gem\u00fcse-Pachtparzelle ist ein St\u00fcck Land,<br \/>\ndas sie mieten.<br \/>\nSie mieten es von einem Landwirtschafts-Betrieb.<\/p>\n<p>Die Parzellen sind 5 bis 240 Quadratmeter gro\u00df.<br \/>\nEin Teil der Parzelle ist schon mit Gem\u00fcse bepflanzt.<br \/>\nAuf dem anderen Teil bauen Sie selber Pflanzen an.<\/p>\n<p>Es gibt Regeln was Sie anbauen d\u00fcrfen.<br \/>\nSie pflegen und ernten das Gem\u00fcse selber.<\/p>\n<p>Manche Anbieterinnen und Anbieter helfen ihnen oder verleihen Garten-Werkzeug.<\/p>\n<p>Die Bewirtschaftung ist biologisch.<\/p>\n<p>Die Nachfrage f\u00fcr Gem\u00fcse-Pachtparzellen ist sehr gro\u00df.<br \/>\nEinige sind schon lange vor der Garten-Saison ausgebucht.<\/p>\n<p>In diesen Bezirken gibt es Gem\u00fcse-Pachtparzellen:<\/p>\n<div id=\"bezirksfilter\" hide=\"true\"><div id=\"filter\"><a data-bezirk=\"0\">Ganz Wien<\/a><a data-bezirk=\"1\">1. Innere Stadt<\/a><a data-bezirk=\"2\">2. Leopoldstadt<\/a><a data-bezirk=\"3\">3. Landstra\u00dfe<\/a><a data-bezirk=\"4\">4. Wieden<\/a><a data-bezirk=\"5\">5. Margareten<\/a><a data-bezirk=\"6\">6. Mariahilf<\/a><a data-bezirk=\"7\">7. Neubau<\/a><a data-bezirk=\"8\">8. Josefstadt<\/a><a data-bezirk=\"9\">9. Alsergrund<\/a><a data-bezirk=\"10\">10. Favoriten<\/a><a data-bezirk=\"11\">11. Simmering<\/a><a data-bezirk=\"12\">12. Meidling<\/a><a data-bezirk=\"13\">13. Hietzing<\/a><a data-bezirk=\"14\">14. Penzing<\/a><a data-bezirk=\"15\">15. Rudolfsheim-F\u00fcnfhaus<\/a><a data-bezirk=\"16\">16. Ottakring<\/a><a data-bezirk=\"17\">17. Hernals<\/a><a data-bezirk=\"18\">18. W\u00e4hring<\/a><a data-bezirk=\"19\">19. D\u00f6bling<\/a><a data-bezirk=\"20\">20. Brigittenau<\/a><a data-bezirk=\"21\">21. Floridsdorf<\/a><a data-bezirk=\"22\">22. Donaustadt<\/a><a data-bezirk=\"23\">23. Liesing<\/a><a data-bezirk=\"2280\">Glinzendorf<\/a><a data-bezirk=\"2320\">Rannersdorf\/Schwechat<\/a><a data-bezirk=\"2340\">M&ouml;dling<\/a><\/div><p id=\"defaultMessage\">Bitte w\u00e4hlen Sie einen Bezirk<\/p><p id=\"noContentForThisDistrict\">F\u00fcr diesen Bezirk ist leider keine Information vorhanden.<\/p>\n<div id=\"bezirk_10\" class=\"bezirk\" data-bezirk=\"10\">\n<p><a href=\"http:\/\/www.ackerhelden.at\">Ackerhelden<\/a><\/p>\n<p><a href=\"http:\/\/www.haschahof.at\/pflueckgarten-mietgaerten\">Pfl\u00fcckgarten Haschahof<\/a><\/p>\n<p><a href=\"http:\/\/www.kirchenacker.at\">Selbsternte am Kirchenacker in Unterlaa &#8211; Biologische Landwirtschaft Christine Taschner<\/a><\/p>\n<\/div>\n<div id=\"bezirk_12\" class=\"bezirk\" data-bezirk=\"12\">\n<p><a href=\"http:\/\/www.ackerhelden.at\">Ackerhelden<\/a><\/p>\n<\/div>\n<div id=\"bezirk_13\" class=\"bezirk\" data-bezirk=\"13\">\n<p><a href=\"http:\/\/www.wildehummel.at\">Wilde Hummel &#8211; StadtErnte<\/a><\/p>\n<\/div>\n<div id=\"bezirk_14\" class=\"bezirk\" data-bezirk=\"14\">\n<p><a href=\"http:\/\/www.ackerhelden.at\">Ackerhelden<\/a><\/p>\n<\/div>\n<div id=\"bezirk_18\" class=\"bezirk\" data-bezirk=\"18\">\n<p><a href=\"http:\/\/www.ackerhelden.at\">Ackerhelden<\/a><\/p>\n<\/div>\n<div id=\"bezirk_21\" class=\"bezirk\" data-bezirk=\"21\">\n<p><a href=\"http:\/\/www.ackerhelden.at\">Ackerhelden<\/a><\/p>\n<p><a href=\"http:\/\/www.kleingaertner.at\/service\/oeko-ernteland\">\u00d6ko-Erntelandparzellen &#8211; Zentralverbandes der Kleing\u00e4rtner und Siedler \u00d6sterreichs<\/a><\/p>\n<p><a href=\"http:\/\/www.biohof-radl.at\/selbsternte-parzellen\">Selbsternteparzellen &#8211; Biohof Radl<\/a><\/p>\n<\/div>\n<div id=\"bezirk_22\" class=\"bezirk\" data-bezirk=\"22\">\n<p><a href=\"http:\/\/www.ackerhelden.at\">Ackerhelden<\/a><\/p>\n<p><a href=\"http:\/\/www.biohof-radl.at\/selbsternte-parzellen\">Selbsternteparzellen &#8211; Biohof Radl<\/a><\/p>\n<\/div>\n<div id=\"bezirk_23\" class=\"bezirk\" data-bezirk=\"23\">\n<p><a href=\"http:\/\/www.selbsterntegarten.at\">Selbsterntegarten &#8211; Brenner Felsach&#8217;schen Gutsverwaltung<\/a><\/p>\n<\/div>\n<div id=\"bezirk_2280\" class=\"bezirk\" data-bezirk=\"2280\">\n<p><a href=\"http:\/\/www.ackerhelden.at\">Ackerhelden<\/a><\/p>\n<\/div>\n<div id=\"bezirk_2344\" class=\"bezirk\" data-bezirk=\"2344\">\n<p><a href=\"http:\/\/www.natuerlichwild.at\/selbsternte\">Selbsternte M\u00f6dling &#8211; nat\u00fcrlich &amp; wild &#8211; Renate Weber<\/a><\/p>\n<\/div>\n<\/div>\n<hr \/>\n<p>Weitere Infos auf: <a href=\"http:\/\/www.selbsternte.at\">www.selbsternte.at<\/a><\/p>\n<p>&nbsp;<\/p>\n\n\t\t<style type=\"text\/css\">\n\t\t\t#gallery-1 {\n\t\t\t\tmargin: auto;\n\t\t\t}\n\t\t\t#gallery-1 .gallery-item {\n\t\t\t\tfloat: left;\n\t\t\t\tmargin-top: 10px;\n\t\t\t\ttext-align: center;\n\t\t\t\twidth: 33%;\n\t\t\t}\n\t\t\t#gallery-1 img {\n\t\t\t\tborder: 2px solid #cfcfcf;\n\t\t\t}\n\t\t\t#gallery-1 .gallery-caption {\n\t\t\t\tmargin-left: 0;\n\t\t\t}\n\t\t\t\/* see gallery_shortcode() in wp-includes\/media.php *\/\n\t\t<\/style>\n\t\t<div id='gallery-1' class='gallery galleryid-4299 gallery-columns-3 gallery-size-thumbnail'><dl class='gallery-item'>\n\t\t\t<dt class='gallery-icon landscape'>\n\t\t\t\t<a href='https:\/\/www.garteln-in-wien.at\/plain_d\/7u2a6210-2\/'><img loading=\"lazy\" decoding=\"async\" width=\"150\" height=\"150\" src=\"https:\/\/www.garteln-in-wien.at\/wp-content\/uploads\/2016\/07\/7U2A6210-150x150.jpg\" class=\"attachment-thumbnail size-thumbnail\" alt=\"\" aria-describedby=\"gallery-1-3168\" \/><\/a>\n\t\t\t<\/dt>\n\t\t\t\t<dd class='wp-caption-text gallery-caption' id='gallery-1-3168'>\n\t\t\t\tAm Bild sehen Sie eine Gem\u00fcsepacht-Parzelle.\n\t\t\t\t<\/dd><\/dl><dl class='gallery-item'>\n\t\t\t<dt class='gallery-icon landscape'>\n\t\t\t\t<a href='https:\/\/www.garteln-in-wien.at\/plain_d\/7u2a6204-2\/'><img loading=\"lazy\" decoding=\"async\" width=\"150\" height=\"150\" src=\"https:\/\/www.garteln-in-wien.at\/wp-content\/uploads\/2016\/07\/7U2A6204-150x150.jpg\" class=\"attachment-thumbnail size-thumbnail\" alt=\"\" aria-describedby=\"gallery-1-3165\" \/><\/a>\n\t\t\t<\/dt>\n\t\t\t\t<dd class='wp-caption-text gallery-caption' id='gallery-1-3165'>\n\t\t\t\tAm Bild sehen Sie eine selbstgebaute Bew\u00e4sserungs-Anlage.\n\t\t\t\t<\/dd><\/dl><dl class='gallery-item'>\n\t\t\t<dt class='gallery-icon landscape'>\n\t\t\t\t<a href='https:\/\/www.garteln-in-wien.at\/plain_d\/7u2a6182-2\/'><img loading=\"lazy\" decoding=\"async\" width=\"150\" height=\"150\" src=\"https:\/\/www.garteln-in-wien.at\/wp-content\/uploads\/2016\/07\/7U2A6182-150x150.jpg\" class=\"attachment-thumbnail size-thumbnail\" alt=\"\" aria-describedby=\"gallery-1-3160\" \/><\/a>\n\t\t\t<\/dt>\n\t\t\t\t<dd class='wp-caption-text gallery-caption' id='gallery-1-3160'>\n\t\t\t\tAm Bild sehen Sie eine Gem\u00fcsepacht-Parzelle.\n\t\t\t\t<\/dd><\/dl><br style=\"clear: both\" \/><dl class='gallery-item'>\n\t\t\t<dt class='gallery-icon landscape'>\n\t\t\t\t<a href='https:\/\/www.garteln-in-wien.at\/plain_d\/7u2a6205-2\/'><img loading=\"lazy\" decoding=\"async\" width=\"150\" height=\"150\" src=\"https:\/\/www.garteln-in-wien.at\/wp-content\/uploads\/2016\/07\/7U2A6205-150x150.jpg\" class=\"attachment-thumbnail size-thumbnail\" alt=\"\" aria-describedby=\"gallery-1-3166\" \/><\/a>\n\t\t\t<\/dt>\n\t\t\t\t<dd class='wp-caption-text gallery-caption' id='gallery-1-3166'>\n\t\t\t\tAm Bild sehen Sie eine Gem\u00fcsepacht-Parzelle.\n\t\t\t\t<\/dd><\/dl><dl class='gallery-item'>\n\t\t\t<dt class='gallery-icon landscape'>\n\t\t\t\t<a href='https:\/\/www.garteln-in-wien.at\/plain_d\/7u2a6212\/'><img loading=\"lazy\" decoding=\"async\" width=\"150\" height=\"150\" src=\"https:\/\/www.garteln-in-wien.at\/wp-content\/uploads\/2016\/07\/7U2A6212-150x150.jpg\" class=\"attachment-thumbnail size-thumbnail\" alt=\"\" aria-describedby=\"gallery-1-2693\" \/><\/a>\n\t\t\t<\/dt>\n\t\t\t\t<dd class='wp-caption-text gallery-caption' id='gallery-1-2693'>\n\t\t\t\tAm Bild sehen Sie Menschen, die in einer Gem\u00fcsepacht-Parzelle arbeiten.\n\t\t\t\t<\/dd><\/dl><dl class='gallery-item'>\n\t\t\t<dt class='gallery-icon portrait'>\n\t\t\t\t<a href='https:\/\/www.garteln-in-wien.at\/plain_d\/img_7949fac-2\/'><img loading=\"lazy\" decoding=\"async\" width=\"150\" height=\"150\" src=\"https:\/\/www.garteln-in-wien.at\/wp-content\/uploads\/2016\/07\/IMG_7949fac-150x150.jpg\" class=\"attachment-thumbnail size-thumbnail\" alt=\"\" aria-describedby=\"gallery-1-3074\" \/><\/a>\n\t\t\t<\/dt>\n\t\t\t\t<dd class='wp-caption-text gallery-caption' id='gallery-1-3074'>\n\t\t\t\tAm Bild sehen Sie eine Gottes-Anbeterin in einer Gem\u00fcsepacht-Parzelle auf der das Unkraut nicht entfernt wurde.\n\t\t\t\t<\/dd><\/dl><br style=\"clear: both\" \/>\n\t\t<\/div>\n\n<p><strong>Wenn Sie eine Gem\u00fcse-Pachtparzelle mieten m\u00f6chten,<br \/>\n<\/strong><strong>bitte direkt an den Anbieter wenden!<\/strong><\/p>\n<p>Die Webseite wird immer wieder \u00fcberarbeitet.<br \/>\nEs k\u00f6nnen neue Inhalte dazukommen.<br \/>\nDie Aufz\u00e4hlungen sind deshalb nicht vollst\u00e4ndig.<\/p>\n<p>F\u00fcr den Inhalte von anderen Webseiten sind wir nicht verantwortlich.<br \/>\nWir sind rechtlich nicht f\u00fcr den Inhalt und die Aussagen von anderen Webseiten verantwortlich.<\/p>\n<p>&nbsp;<\/p>\n","protected":false},"excerpt":{"rendered":"<p>So funktioniert eine Gem\u00fcse-Pachtparzelle: Eine Gem\u00fcse-Pachtparzelle ist ein St\u00fcck Land, das sie mieten. Sie mieten es von einem Landwirtschafts-Betrieb. Die<\/p>\n","protected":false},"author":12,"featured_media":2611,"parent":0,"menu_order":0,"comment_status":"closed","ping_status":"closed","template":"","meta":{"footnotes":""},"class_list":["post-4299","page","type-page","status-publish","has-post-thumbnail","hentry"],"_links":{"self":[{"href":"https:\/\/www.garteln-in-wien.at\/plain_d\/wp-json\/wp\/v2\/pages\/4299","targetHints":{"allow":["GET"]}}],"collection":[{"href":"https:\/\/www.garteln-in-wien.at\/plain_d\/wp-json\/wp\/v2\/pages"}],"about":[{"href":"https:\/\/www.garteln-in-wien.at\/plain_d\/wp-json\/wp\/v2\/types\/page"}],"author":[{"embeddable":true,"href":"https:\/\/www.garteln-in-wien.at\/plain_d\/wp-json\/wp\/v2\/users\/12"}],"replies":[{"embeddable":true,"href":"https:\/\/www.garteln-in-wien.at\/plain_d\/wp-json\/wp\/v2\/comments?post=4299"}],"version-history":[{"count":5,"href":"https:\/\/www.garteln-in-wien.at\/plain_d\/wp-json\/wp\/v2\/pages\/4299\/revisions"}],"predecessor-version":[{"id":5026,"href":"https:\/\/www.garteln-in-wien.at\/plain_d\/wp-json\/wp\/v2\/pages\/4299\/revisions\/5026"}],"wp:featuredmedia":[{"embeddable":true,"href":"https:\/\/www.garteln-in-wien.at\/plain_d\/wp-json\/wp\/v2\/media\/2611"}],"wp:attachment":[{"href":"https:\/\/www.garteln-in-wien.at\/plain_d\/wp-json\/wp\/v2\/media?parent=4299"}],"curies":[{"name":"wp","href":"https:\/\/api.w.org\/{rel}","templated":true}]}}

Gemüse-Pachtparzellen

<p><strong>So funktioniert eine Gemüse-Pachtparzelle:</strong></p>
<p>Eine Gemüse-Pachtparzelle ist ein Stück Land,<br />
das sie mieten.<br />
Sie mieten es von einem Landwirtschafts-Betrieb.</p>
<p>Die Parzellen sind 5 bis 240 Quadratmeter groß.<br />
Ein Teil der Parzelle ist schon mit Gemüse bepflanzt.<br />
Auf dem anderen Teil bauen Sie selber Pflanzen an.</p>
<p>Es gibt Regeln was Sie anbauen dürfen.<br />
Sie pflegen und ernten das Gemüse selber.</p>
<p>Manche Anbieterinnen und Anbieter helfen ihnen oder verleihen Garten-Werkzeug.</p>
<p>Die Bewirtschaftung ist biologisch.</p>
<p>Die Nachfrage für Gemüse-Pachtparzellen ist sehr groß.<br />
Einige sind schon lange vor der Garten-Saison ausgebucht.</p>
<p>In diesen Bezirken gibt es Gemüse-Pachtparzellen:</p>
<div id="bezirksfilter" hide="true"><div id="filter"><a data-bezirk="0">Ganz Wien</a><a data-bezirk="1">1. Innere Stadt</a><a data-bezirk="2">2. Leopoldstadt</a><a data-bezirk="3">3. Landstraße</a><a data-bezirk="4">4. Wieden</a><a data-bezirk="5">5. Margareten</a><a data-bezirk="6">6. Mariahilf</a><a data-bezirk="7">7. Neubau</a><a data-bezirk="8">8. Josefstadt</a><a data-bezirk="9">9. Alsergrund</a><a data-bezirk="10">10. Favoriten</a><a data-bezirk="11">11. Simmering</a><a data-bezirk="12">12. Meidling</a><a data-bezirk="13">13. Hietzing</a><a data-bezirk="14">14. Penzing</a><a data-bezirk="15">15. Rudolfsheim-Fünfhaus</a><a data-bezirk="16">16. Ottakring</a><a data-bezirk="17">17. Hernals</a><a data-bezirk="18">18. Währing</a><a data-bezirk="19">19. Döbling</a><a data-bezirk="20">20. Brigittenau</a><a data-bezirk="21">21. Floridsdorf</a><a data-bezirk="22">22. Donaustadt</a><a data-bezirk="23">23. Liesing</a><a data-bezirk="2280">Glinzendorf</a><a data-bezirk="2320">Rannersdorf/Schwechat</a><a data-bezirk="2340">M&ouml;dling</a></div><p id="defaultMessage">Bitte wählen Sie einen Bezirk</p><p id="noContentForThisDistrict">Für diesen Bezirk ist leider keine Information vorhanden.</p>
<div id="bezirk_10" class="bezirk" data-bezirk="10">
<p><a href="http://www.ackerhelden.at">Ackerhelden</a></p>
<p><a href="http://www.haschahof.at/pflueckgarten-mietgaerten">Pflückgarten Haschahof</a></p>
<p><a href="http://www.kirchenacker.at">Selbsternte am Kirchenacker in Unterlaa &#8211; Biologische Landwirtschaft Christine Taschner</a></p>
</div>
<div id="bezirk_12" class="bezirk" data-bezirk="12">
<p><a href="http://www.ackerhelden.at">Ackerhelden</a></p>
</div>
<div id="bezirk_13" class="bezirk" data-bezirk="13">
<p><a href="http://www.wildehummel.at">Wilde Hummel &#8211; StadtErnte</a></p>
</div>
<div id="bezirk_14" class="bezirk" data-bezirk="14">
<p><a href="http://www.ackerhelden.at">Ackerhelden</a></p>
</div>
<div id="bezirk_18" class="bezirk" data-bezirk="18">
<p><a href="http://www.ackerhelden.at">Ackerhelden</a></p>
</div>
<div id="bezirk_21" class="bezirk" data-bezirk="21">
<p><a href="http://www.ackerhelden.at">Ackerhelden</a></p>
<p><a href="http://www.kleingaertner.at/service/oeko-ernteland">Öko-Erntelandparzellen &#8211; Zentralverbandes der Kleingärtner und Siedler Österreichs</a></p>
<p><a href="http://www.biohof-radl.at/selbsternte-parzellen">Selbsternteparzellen &#8211; Biohof Radl</a></p>
</div>
<div id="bezirk_22" class="bezirk" data-bezirk="22">
<p><a href="http://www.ackerhelden.at">Ackerhelden</a></p>
<p><a href="http://www.biohof-radl.at/selbsternte-parzellen">Selbsternteparzellen &#8211; Biohof Radl</a></p>
</div>
<div id="bezirk_23" class="bezirk" data-bezirk="23">
<p><a href="http://www.selbsterntegarten.at">Selbsterntegarten &#8211; Brenner Felsach&#8217;schen Gutsverwaltung</a></p>
</div>
<div id="bezirk_2280" class="bezirk" data-bezirk="2280">
<p><a href="http://www.ackerhelden.at">Ackerhelden</a></p>
</div>
<div id="bezirk_2344" class="bezirk" data-bezirk="2344">
<p><a href="http://www.natuerlichwild.at/selbsternte">Selbsternte Mödling &#8211; natürlich &amp; wild &#8211; Renate Weber</a></p>
</div>
</div>
<hr />
<p>Weitere Infos auf: <a href="http://www.selbsternte.at">www.selbsternte.at</a></p>
<p>&nbsp;</p>

		<style type="text/css">
			#gallery-1 {
				margin: auto;
			}
			#gallery-1 .gallery-item {
				float: left;
				margin-top: 10px;
				text-align: center;
				width: 33%;
			}
			#gallery-1 img {
				border: 2px solid #cfcfcf;
			}
			#gallery-1 .gallery-caption {
				margin-left: 0;
			}
			/* see gallery_shortcode() in wp-includes/media.php */
		</style>
		<div id='gallery-1' class='gallery galleryid-4299 gallery-columns-3 gallery-size-thumbnail'><dl class='gallery-item'>
			<dt class='gallery-icon landscape'>
				<a href='https://www.garteln-in-wien.at/plain_d/7u2a6210-2/'><img loading="lazy" decoding="async" width="150" height="150" src="https://www.garteln-in-wien.at/wp-content/uploads/2016/07/7U2A6210-150x150.jpg" class="attachment-thumbnail size-thumbnail" alt="" aria-describedby="gallery-1-3168" /></a>
			</dt>
				<dd class='wp-caption-text gallery-caption' id='gallery-1-3168'>
				Am Bild sehen Sie eine Gemüsepacht-Parzelle.
				</dd></dl><dl class='gallery-item'>
			<dt class='gallery-icon landscape'>
				<a href='https://www.garteln-in-wien.at/plain_d/7u2a6204-2/'><img loading="lazy" decoding="async" width="150" height="150" src="https://www.garteln-in-wien.at/wp-content/uploads/2016/07/7U2A6204-150x150.jpg" class="attachment-thumbnail size-thumbnail" alt="" aria-describedby="gallery-1-3165" /></a>
			</dt>
				<dd class='wp-caption-text gallery-caption' id='gallery-1-3165'>
				Am Bild sehen Sie eine selbstgebaute Bewässerungs-Anlage.
				</dd></dl><dl class='gallery-item'>
			<dt class='gallery-icon landscape'>
				<a href='https://www.garteln-in-wien.at/plain_d/7u2a6182-2/'><img loading="lazy" decoding="async" width="150" height="150" src="https://www.garteln-in-wien.at/wp-content/uploads/2016/07/7U2A6182-150x150.jpg" class="attachment-thumbnail size-thumbnail" alt="" aria-describedby="gallery-1-3160" /></a>
			</dt>
				<dd class='wp-caption-text gallery-caption' id='gallery-1-3160'>
				Am Bild sehen Sie eine Gemüsepacht-Parzelle.
				</dd></dl><br style="clear: both" /><dl class='gallery-item'>
			<dt class='gallery-icon landscape'>
				<a href='https://www.garteln-in-wien.at/plain_d/7u2a6205-2/'><img loading="lazy" decoding="async" width="150" height="150" src="https://www.garteln-in-wien.at/wp-content/uploads/2016/07/7U2A6205-150x150.jpg" class="attachment-thumbnail size-thumbnail" alt="" aria-describedby="gallery-1-3166" /></a>
			</dt>
				<dd class='wp-caption-text gallery-caption' id='gallery-1-3166'>
				Am Bild sehen Sie eine Gemüsepacht-Parzelle.
				</dd></dl><dl class='gallery-item'>
			<dt class='gallery-icon landscape'>
				<a href='https://www.garteln-in-wien.at/plain_d/7u2a6212/'><img loading="lazy" decoding="async" width="150" height="150" src="https://www.garteln-in-wien.at/wp-content/uploads/2016/07/7U2A6212-150x150.jpg" class="attachment-thumbnail size-thumbnail" alt="" aria-describedby="gallery-1-2693" /></a>
			</dt>
				<dd class='wp-caption-text gallery-caption' id='gallery-1-2693'>
				Am Bild sehen Sie Menschen, die in einer Gemüsepacht-Parzelle arbeiten.
				</dd></dl><dl class='gallery-item'>
			<dt class='gallery-icon portrait'>
				<a href='https://www.garteln-in-wien.at/plain_d/img_7949fac-2/'><img loading="lazy" decoding="async" width="150" height="150" src="https://www.garteln-in-wien.at/wp-content/uploads/2016/07/IMG_7949fac-150x150.jpg" class="attachment-thumbnail size-thumbnail" alt="" aria-describedby="gallery-1-3074" /></a>
			</dt>
				<dd class='wp-caption-text gallery-caption' id='gallery-1-3074'>
				Am Bild sehen Sie eine Gottes-Anbeterin in einer Gemüsepacht-Parzelle auf der das Unkraut nicht entfernt wurde.
				</dd></dl><br style="clear: both" />
		</div>

<p><strong>Wenn Sie eine Gemüse-Pachtparzelle mieten möchten,<br />
</strong><strong>bitte direkt an den Anbieter wenden!</strong></p>
<p>Die Webseite wird immer wieder überarbeitet.<br />
Es können neue Inhalte dazukommen.<br />
Die Aufzählungen sind deshalb nicht vollständig.</p>
<p>Für den Inhalte von anderen Webseiten sind wir nicht verantwortlich.<br />
Wir sind rechtlich nicht für den Inhalt und die Aussagen von anderen Webseiten verantwortlich.</p>
<p>&nbsp;</p>

<p>So funktioniert eine Gemüse-Pachtparzelle: Eine Gemüse-Pachtparzelle ist ein Stück Land, das sie mieten. Sie mieten es von einem Landwirtschafts-Betrieb. Die</p>
